D, [2023-11-10T12:47:48.307149 #27349] DEBUG -- : [90403a2f-748d-4d7d-82ae-d87f71f9faa3] MONGODB | There was a change in the members of the 'Unknown' topology.
D, [2023-11-10T12:47:48.307474 #27349] DEBUG -- : [90403a2f-748d-4d7d-82ae-d87f71f9faa3] MONGODB | Server 10.0.21.12:27018 initializing.
D, [2023-11-10T12:47:48.307817 #27349] DEBUG -- : [90403a2f-748d-4d7d-82ae-d87f71f9faa3] MONGODB | Waiting for up to 30.00 seconds for servers to be scanned: #]>
D, [2023-11-10T12:47:48.311895 #27349] DEBUG -- : MONGODB | Server description for 10.0.21.12:27018 changed from 'unknown' to 'standalone'.
D, [2023-11-10T12:47:48.312421 #27349] DEBUG -- : MONGODB | Topology type 'Unknown' changed to type 'Single'.
D, [2023-11-10T12:47:48.316671 #27349] DEBUG -- : [90403a2f-748d-4d7d-82ae-d87f71f9faa3] MONGODB | Server description for 10.0.21.12:27018 changed from 'standalone' to 'standalone'.
D, [2023-11-10T12:47:48.316817 #27349] DEBUG -- : [90403a2f-748d-4d7d-82ae-d87f71f9faa3] MONGODB | There was a change in the members of the 'Single' topology.
D, [2023-11-10T12:47:48.380067 #27349] DEBUG -- : [90403a2f-748d-4d7d-82ae-d87f71f9faa3] MONGODB | 10.0.21.12:27018 req:6 conn:1:1 sconn:214 | admin.saslContinue | STARTED | {}
D, [2023-11-10T12:47:48.381033 #27349] DEBUG -- : [90403a2f-748d-4d7d-82ae-d87f71f9faa3] MONGODB | 10.0.21.12:27018 req:6 | admin.saslContinue | SUCCEEDED | 0.001s
D, [2023-11-10T12:47:48.382403 #27349] DEBUG -- : [90403a2f-748d-4d7d-82ae-d87f71f9faa3] MONGODB | 10.0.21.12:27018 req:7 conn:1:1 sconn:214 | ASSESSMENT_DASHBOARD.find | STARTED | {"find"=>"lastsyncdatetimes", "filter"=>{}, "limit"=>1, "sort"=>{"_id"=>1}, "singleBatch"=>true, "$db"=>"ASSESSMENT_DASHBOARD", "lsid"=>{"id"=>}}
D, [2023-11-10T12:47:48.384248 #27349] DEBUG -- : [90403a2f-748d-4d7d-82ae-d87f71f9faa3] MONGODB | 10.0.21.12:27018 req:7 | ASSESSMENT_DASHBOARD.find | SUCCEEDED | 0.002s
D, [2023-11-10T12:47:48.462450 #27349] DEBUG -- : [90403a2f-748d-4d7d-82ae-d87f71f9faa3]  (10.7ms) SET NAMES utf8, @@SESSION.sql_mode = CONCAT(CONCAT(@@sql_mode, ',STRICT_ALL_TABLES'), ',NO_AUTO_VALUE_ON_ZERO'), @@SESSION.sql_auto_is_null = 0, @@SESSION.wait_timeout = 2147483
D, [2023-11-10T12:47:48.479227 #27349] DEBUG -- : [90403a2f-748d-4d7d-82ae-d87f71f9faa3] MONGODB | 10.0.21.12:27018 req:8 conn:1:1 sconn:214 | ASSESSMENT_DASHBOARD.find | STARTED | {"find"=>"states", "filter"=>{"is_active"=>true}, "projection"=>{"_id"=>1, "name"=>1}, "$db"=>"ASSESSMENT_DASHBOARD", "lsid"=>{"id"=>}}
D, [2023-11-10T12:47:48.484831 #27349] DEBUG -- : [90403a2f-748d-4d7d-82ae-d87f71f9faa3] MONGODB | 10.0.21.12:27018 req:8 | ASSESSMENT_DASHBOARD.find | SUCCEEDED | 0.005s
D, [2023-11-10T12:47:48.487274 #27349] DEBUG -- : [90403a2f-748d-4d7d-82ae-d87f71f9faa3] MONGODB | 10.0.21.12:27018 req:9 conn:1:1 sconn:214 | ASSESSMENT_DASHBOARD.find | STARTED | {"find"=>"subjectmasters", "filter"=>{"$or"=>[{"module"=>{"$eq"=>"sa"}}]}, "$db"=>"ASSESSMENT_DASHBOARD", "lsid"=>{"id"=>}}
D, [2023-11-10T12:47:48.488250 #27349] DEBUG -- : [90403a2f-748d-4d7d-82ae-d87f71f9faa3] MONGODB | 10.0.21.12:27018 req:9 | ASSESSMENT_DASHBOARD.find | SUCCEEDED | 0.001s
D, [2023-11-10T12:47:48.537238 #27349] DEBUG -- : [90403a2f-748d-4d7d-82ae-d87f71f9faa3] Customer Load (6.3ms) SELECT `customers`.* FROM `customers` WHERE `customers`.`api_customer_id` = '5e3954011a2ed23b0ca82b10' ORDER BY `customers`.`id` ASC LIMIT 1
D, [2023-11-10T12:47:48.563552 #27349] DEBUG -- : [90403a2f-748d-4d7d-82ae-d87f71f9faa3] ConfigurationParameter Load (7.3ms) SELECT `configuration_parameters`.* FROM `configuration_parameters` WHERE `configuration_parameters`.`slug` = 'grading-system' LIMIT 1
I, [2023-11-10T12:47:48.566165 #27409] INFO -- : [38abbae0-8154-4ef1-ad0f-1ebd8bdcef5b] Started GET "/dashboards/get_data?record_id=6286346109b30f6934a4ffaf&record_type=assessment_group" for 110.224.68.235 at 2023-11-10 12:47:48 +0530
I, [2023-11-10T12:47:48.569505 #27409] INFO -- : [38abbae0-8154-4ef1-ad0f-1ebd8bdcef5b] Processing by DashboardsController#get_data as JS
I, [2023-11-10T12:47:48.569572 #27409] INFO -- : [38abbae0-8154-4ef1-ad0f-1ebd8bdcef5b] Parameters: {"record_id"=>"6286346109b30f6934a4ffaf", "record_type"=>"assessment_group"}
D, [2023-11-10T12:47:48.582931 #27409] DEBUG -- : [38abbae0-8154-4ef1-ad0f-1ebd8bdcef5b] MONGODB | Topology type 'unknown' initializing.
D, [2023-11-10T12:47:48.583618 #27409] DEBUG -- : [38abbae0-8154-4ef1-ad0f-1ebd8bdcef5b] MONGODB | There was a change in the members of the 'Unknown' topology.
D, [2023-11-10T12:47:48.583897 #27409] DEBUG -- : [38abbae0-8154-4ef1-ad0f-1ebd8bdcef5b] MONGODB | Server 10.0.21.12:27018 initializing.
D, [2023-11-10T12:47:48.584184 #27409] DEBUG -- : [38abbae0-8154-4ef1-ad0f-1ebd8bdcef5b] MONGODB | Waiting for up to 30.00 seconds for servers to be scanned: #]>
D, [2023-11-10T12:47:48.588123 #27409] DEBUG -- : MONGODB | Server description for 10.0.21.12:27018 changed from 'unknown' to 'standalone'.
D, [2023-11-10T12:47:48.588686 #27409] DEBUG -- : MONGODB | Topology type 'Unknown' changed to type 'Single'.
D, [2023-11-10T12:47:48.594190 #27409] DEBUG -- : [38abbae0-8154-4ef1-ad0f-1ebd8bdcef5b] MONGODB | Server description for 10.0.21.12:27018 changed from 'standalone' to 'standalone'.
D, [2023-11-10T12:47:48.594316 #27409] DEBUG -- : [38abbae0-8154-4ef1-ad0f-1ebd8bdcef5b] MONGODB | There was a change in the members of the 'Single' topology.
D, [2023-11-10T12:47:48.611293 #27349] DEBUG -- : [90403a2f-748d-4d7d-82ae-d87f71f9faa3] CustomerConfiguration Load (10.1ms) SELECT `customer_configurations`.* FROM `customer_configurations` WHERE `customer_configurations`.`configuration_parameter_id` = 1 AND `customer_configurations`.`customer_id` = 2 ORDER BY `customer_configurations`.`id` ASC LIMIT 1
D, [2023-11-10T12:47:48.627558 #27349] DEBUG -- : [90403a2f-748d-4d7d-82ae-d87f71f9faa3] ConfigurationParameter Load (11.2ms) SELECT `configuration_parameters`.* FROM `configuration_parameters` WHERE `configuration_parameters`.`slug` = 'grading-system-lo' LIMIT 1
D, [2023-11-10T12:47:48.639344 #27349] DEBUG -- : [90403a2f-748d-4d7d-82ae-d87f71f9faa3] CustomerConfiguration Load (10.5ms) SELECT `customer_configurations`.* FROM `customer_configurations` WHERE `customer_configurations`.`configuration_parameter_id` = 3 AND `customer_configurations`.`customer_id` = 2 ORDER BY `customer_configurations`.`id` ASC LIMIT 1
D, [2023-11-10T12:47:48.640949 #27349] DEBUG -- : [90403a2f-748d-4d7d-82ae-d87f71f9faa3] ConfigurationParameter Load (0.7ms) SELECT `configuration_parameters`.* FROM `configuration_parameters` WHERE `configuration_parameters`.`slug` = 'grading-system-only' LIMIT 1
D, [2023-11-10T12:47:48.652513 #27349] DEBUG -- : [90403a2f-748d-4d7d-82ae-d87f71f9faa3] CustomerConfiguration Load (10.7ms) SELECT `customer_configurations`.* FROM `customer_configurations` WHERE `customer_configurations`.`configuration_parameter_id` = 2 AND `customer_configurations`.`customer_id` = 2 ORDER BY `customer_configurations`.`id` ASC LIMIT 1
D, [2023-11-10T12:47:48.654835 #27349] DEBUG -- : [90403a2f-748d-4d7d-82ae-d87f71f9faa3] MONGODB | 10.0.21.12:27018 req:10 conn:1:1 sconn:214 | ASSESSMENT_DASHBOARD.find | STARTED | {"find"=>"districts", "filter"=>{"is_active"=>true, "$or"=>[{"state_id"=>{"$eq"=>BSON::ObjectId('5e3954011a2ed23b0ca82b10')}}]}, "projection"=>{"_id"=>1, "name"=>1}, "$db"=>"ASSESSMENT_DASHBOARD", "lsid"=>{"id"=>"lastsyncdatetimes", "filter"=>{}, "limit"=>1, "sort"=>{"_id"=>1}, "singleBatch"=>true, "$db"=>"ASSESSMENT_DASHBOARD", "lsid"=>{"id"=>}}
D, [2023-11-10T12:47:48.659051 #27349] DEBUG -- : [90403a2f-748d-4d7d-82ae-d87f71f9faa3] MONGODB | 10.0.21.12:27018 req:11 conn:1:1 sconn:214 | ASSESSMENT_DASHBOARD.find | STARTED | {"find"=>"schools", "filter"=>{"isActive"=>true, "_id"=>{"$eq"=>BSON::ObjectId('5fe4dba7847a2c2124e87524')}}, "limit"=>1, "sort"=>{"_id"=>1}, "singleBatch"=>true, "$db"=>"ASSESSMENT_DASHBOARD", "lsid"=>{"id"=>"blocks", "filter"=>{"is_active"=>true, "$or"=>[{"district_id"=>{"$eq"=>BSON::ObjectId('5e4d17a67206264229157c94')}}]}, "projection"=>{"_id"=>1, "name"=>1}, "$db"=>"ASSESSMENT_DASHBOARD", "lsid"=>{"id"=>"clusters", "filter"=>{"is_active"=>true, "$or"=>[{"block_id"=>{"$eq"=>BSON::ObjectId('5e4d17a77206264229157cb8')}}]}, "projection"=>{"_id"=>1, "name"=>1}, "$db"=>"ASSESSMENT_DASHBOARD", "lsid"=>{"id"=>"subjectmasters", "filter"=>{"$or"=>[{"module"=>{"$eq"=>"sa"}}]}, "$db"=>"ASSESSMENT_DASHBOARD", "lsid"=>{"id"=>}}
D, [2023-11-10T12:47:48.695013 #27349] DEBUG -- : [90403a2f-748d-4d7d-82ae-d87f71f9faa3] MONGODB | 10.0.21.12:27018 req:14 | ASSESSMENT_DASHBOARD.find | SUCCEEDED | 0.001s
D, [2023-11-10T12:47:48.696724 #27349] DEBUG -- : [90403a2f-748d-4d7d-82ae-d87f71f9faa3] MONGODB | 10.0.21.12:27018 req:15 conn:1:1 sconn:214 | ASSESSMENT_DASHBOARD.find | STARTED | {"find"=>"departmentmasters", "filter"=>{"$or"=>[{"module"=>{"$eq"=>"sa"}}]}, "$db"=>"ASSESSMENT_DASHBOARD", "lsid"=>{"id"=>}}
D, [2023-11-10T12:47:48.697641 #27349] DEBUG -- : [90403a2f-748d-4d7d-82ae-d87f71f9faa3] MONGODB | 10.0.21.12:27018 req:15 | ASSESSMENT_DASHBOARD.find | SUCCEEDED | 0.001s
D, [2023-11-10T12:47:48.699672 #27349] DEBUG -- : [90403a2f-748d-4d7d-82ae-d87f71f9faa3] MONGODB | 10.0.21.12:27018 req:16 conn:1:1 sconn:214 | ASSESSMENT_DASHBOARD.find | STARTED | {"find"=>"schools", "filter"=>{"isActive"=>true, "$or"=>[{"cluster"=>{"$eq"=>BSON::ObjectId('5e4d17a77206264229157cc4')}}]}, "$db"=>"ASSESSMENT_DASHBOARD", "lsid"=>{"id"=>}}
D, [2023-11-10T12:47:48.715402 #27409] DEBUG -- : [38abbae0-8154-4ef1-ad0f-1ebd8bdcef5b]  (10.2ms) SET NAMES utf8, @@SESSION.sql_mode = CONCAT(CONCAT(@@sql_mode, ',STRICT_ALL_TABLES'), ',NO_AUTO_VALUE_ON_ZERO'), @@SESSION.sql_auto_is_null = 0, @@SESSION.wait_timeout = 2147483
I, [2023-11-10T12:47:48.739841 #27409] INFO -- : [38abbae0-8154-4ef1-ad0f-1ebd8bdcef5b] Completed 200 OK in 170ms (Views: 0.6ms | ActiveRecord: 20.2ms)
D, [2023-11-10T12:47:48.849392 #27349] DEBUG -- : [90403a2f-748d-4d7d-82ae-d87f71f9faa3] MONGODB | 10.0.21.12:27018 req:16 | ASSESSMENT_DASHBOARD.find | SUCCEEDED | 0.149s
D, [2023-11-10T12:47:48.851476 #27349] DEBUG -- : [90403a2f-748d-4d7d-82ae-d87f71f9faa3] MONGODB | 10.0.21.12:27018 req:17 conn:1:1 sconn:214 | ASSESSMENT_DASHBOARD.find | STARTED | {"find"=>"clusters", "filter"=>{"is_active"=>true, "_id"=>BSON::ObjectId('5e4d17a77206264229157cc4')}, "limit"=>1, "sort"=>{"_id"=>1}, "singleBatch"=>true, "$db"=>"ASSESSMENT_DASHBOARD", "lsid"=>{"id"=>"clusters", "filter"=>{"is_active"=>true, "_id"=>BSON::ObjectId('5e4d17a77206264229157cc4')}, "limit"=>1, "sort"=>{"_id"=>1}, "singleBatch"=>true, "$db"=>"ASSESSMENT_DASHBOARD", "lsid"=>{"id"=>"clusters", "filter"=>{"is_active"=>true, "_id"=>BSON::ObjectId('5e4d17a77206264229157cc4')}, "limit"=>1, "sort"=>{"_id"=>1}, "singleBatch"=>true, "$db"=>"ASSESSMENT_DASHBOARD", "lsid"=>{"id"=>"clusters", "filter"=>{"is_active"=>true, "_id"=>BSON::ObjectId('5e4d17a77206264229157cc4')}, "limit"=>1, "sort"=>{"_id"=>1}, "singleBatch"=>true, "$db"=>"ASSESSMENT_DASHBOARD", "lsid"=>{"id"=>"clusters", "filter"=>{"is_active"=>true, "_id"=>BSON::ObjectId('5e4d17a77206264229157cc4')}, "limit"=>1, "sort"=>{"_id"=>1}, "singleBatch"=>true, "$db"=>"ASSESSMENT_DASHBOARD", "lsid"=>{"id"=>"clusters", "filter"=>{"is_active"=>true, "_id"=>BSON::ObjectId('5e4d17a77206264229157cc4')}, "limit"=>1, "sort"=>{"_id"=>1}, "singleBatch"=>true, "$db"=>"ASSESSMENT_DASHBOARD", "lsid"=>{"id"=>"assessmentgroups", "filter"=>{"_id"=>{"$eq"=>BSON::ObjectId('6286346109b30f6934a4ffaf')}}, "limit"=>1, "sort"=>{"_id"=>1}, "singleBatch"=>true, "$db"=>"ASSESSMENT_DASHBOARD", "lsid"=>{"id"=>"assessmentstudentprogresses", "filter"=>{"state"=>{"$ne"=>nil}, "assessmentType"=>{"$eq"=>"State"}, "is_active"=>true, "school"=>{"$eq"=>BSON::ObjectId('5fe4dba7847a2c2124e87524')}}, "projection"=>{"correctQuestionCnt"=>1, "totalQuestionCnt"...
D, [2023-11-10T12:47:58.313738 #27349] DEBUG -- : MONGODB | Server description for 10.0.21.12:27018 changed from 'standalone' to 'standalone'.
D, [2023-11-10T12:47:58.313932 #27349] DEBUG -- : MONGODB | There was a change in the members of the 'Single' topology.
D, [2023-11-10T12:47:58.594979 #27409] DEBUG -- : MONGODB | Server description for 10.0.21.12:27018 changed from 'standalone' to 'standalone'.
D, [2023-11-10T12:47:58.595158 #27409] DEBUG -- : MONGODB | There was a change in the members of the 'Single' topology.
D, [2023-11-10T12:48:01.631158 #26194] DEBUG -- : [ad63ac0a-3a6b-4366-8b0d-26ca0ecaf975] MONGODB | 10.0.21.12:27018 req:84 | ASSESSMENT_DASHBOARD.getMore | SUCCEEDED | 15.543s
D, [2023-11-10T12:48:01.637557 #26194] DEBUG -- : [ad63ac0a-3a6b-4366-8b0d-26ca0ecaf975] MONGODB | 10.0.21.12:27018 req:87 conn:1:1 sconn:205 | ASSESSMENT_DASHBOARD.find | STARTED | {"find"=>"students", "filter"=>{"diseCode"=>"06030300213"}, "projection"=>{"_id"=>1}, "$db"=>"ASSESSMENT_DASHBOARD", "lsid"=>{"id"=>}}
D, [2023-11-10T12:48:03.070709 #26194] DEBUG -- : [ad63ac0a-3a6b-4366-8b0d-26ca0ecaf975] MONGODB | 10.0.21.12:27018 req:87 | ASSESSMENT_DASHBOARD.find | SUCCEEDED | 1.433s
D, [2023-11-10T12:48:03.072676 #26194] DEBUG -- : [ad63ac0a-3a6b-4366-8b0d-26ca0ecaf975] MONGODB | 10.0.21.12:27018 req:88 conn:1:1 sconn:205 | ASSESSMENT_DASHBOARD.find | STARTED | {"find"=>"assessmentstudentprogresses", "filter"=>{"assessmentType"=>{"$eq"=>"State"}, "school"=>BSON::ObjectId('5fe4dba7847a2c2124e87523')}, "projection"=>{"correctQuestionCnt"=>1, "totalQuestionCnt"=>1, "subject"=>1}, "$db"=>"ASSESSMENT_DASHBOARD", ...
D, [2023-11-10T12:48:05.338505 #27349] DEBUG -- : [90403a2f-748d-4d7d-82ae-d87f71f9faa3] MONGODB | 10.0.21.12:27018 req:24 | ASSESSMENT_DASHBOARD.find | SUCCEEDED | 16.451s
D, [2023-11-10T12:48:05.340453 #27349] DEBUG -- : [90403a2f-748d-4d7d-82ae-d87f71f9faa3] MONGODB | 10.0.21.12:27018 req:26 conn:1:1 sconn:214 | ASSESSMENT_DASHBOARD.find | STARTED | {"find"=>"schools", "filter"=>{"isActive"=>true, "_id"=>{"$eq"=>BSON::ObjectId('5fe4dba7847a2c2124e87524')}}, "limit"=>1, "sort"=>{"_id"=>1}, "singleBatch"=>true, "$db"=>"ASSESSMENT_DASHBOARD", "lsid"=>{"id"=>"clusters", "filter"=>{"is_active"=>true, "_id"=>BSON::ObjectId('5e4d17a77206264229157cc4')}, "limit"=>1, "sort"=>{"_id"=>1}, "singleBatch"=>true, "$db"=>"ASSESSMENT_DASHBOARD", "lsid"=>{"id"=>"schools", "filter"=>{"isActive"=>true, "cluster"=>BSON::ObjectId('5e4d17a77206264229157cc4')}, "$db"=>"ASSESSMENT_DASHBOARD", "lsid"=>{"id"=>}}
D, [2023-11-10T12:48:05.498160 #27349] DEBUG -- : [90403a2f-748d-4d7d-82ae-d87f71f9faa3] MONGODB | 10.0.21.12:27018 req:28 | ASSESSMENT_DASHBOARD.find | SUCCEEDED | 0.152s
D, [2023-11-10T12:48:05.500030 #27349] DEBUG -- : [90403a2f-748d-4d7d-82ae-d87f71f9faa3] MONGODB | 10.0.21.12:27018 req:29 conn:1:1 sconn:214 | ASSESSMENT_DASHBOARD.find | STARTED | {"find"=>"students", "filter"=>{"diseCode"=>"06030300211"}, "projection"=>{"_id"=>1}, "$db"=>"ASSESSMENT_DASHBOARD", "lsid"=>{"id"=>}}
D, [2023-11-10T12:48:06.620774 #27349] DEBUG -- : [90403a2f-748d-4d7d-82ae-d87f71f9faa3] MONGODB | 10.0.21.12:27018 req:29 | ASSESSMENT_DASHBOARD.find | SUCCEEDED | 1.120s
D, [2023-11-10T12:48:06.622866 #27349] DEBUG -- : [90403a2f-748d-4d7d-82ae-d87f71f9faa3] MONGODB | 10.0.21.12:27018 req:30 conn:1:1 sconn:214 | ASSESSMENT_DASHBOARD.find | STARTED | {"find"=>"assessmentstudentprogresses", "filter"=>{"assessmentType"=>{"$eq"=>"State"}, "school"=>BSON::ObjectId('5fe4dba7847a2c2124e87521')}, "projection"=>{"correctQuestionCnt"=>1, "totalQuestionCnt"=>1, "subject"=>1}, "$db"=>"ASSESSMENT_DASHBOARD", ...
D, [2023-11-10T12:48:13.059987 #26194] DEBUG -- : [ad63ac0a-3a6b-4366-8b0d-26ca0ecaf975] MONGODB | 10.0.21.12:27018 req:88 | ASSESSMENT_DASHBOARD.find | SUCCEEDED | 9.987s
D, [2023-11-10T12:48:13.061437 #26194] DEBUG -- : [ad63ac0a-3a6b-4366-8b0d-26ca0ecaf975] MONGODB | 10.0.21.12:27018 req:90 conn:1:1 sconn:205 | ASSESSMENT_DASHBOARD.getMore | STARTED | {"getMore"=>#, "collection"=>"assessmentstudentprogresses", "$db"=>"ASSESSMENT_DASHBOARD", "lsid"=>{"id"=>}}
I, [2023-11-10T12:48:15.654309 #27409] INFO -- : [c1f13edd-33e4-4e3a-bdc1-273ba29f5dc8] Started GET "/dashboards/get_data?record_id=6286340509b30f6934a4ffae&record_type=assessment_group" for 110.224.68.235 at 2023-11-10 12:48:15 +0530
I, [2023-11-10T12:48:15.655426 #27409] INFO -- : [c1f13edd-33e4-4e3a-bdc1-273ba29f5dc8] Processing by DashboardsController#get_data as JS
I, [2023-11-10T12:48:15.655502 #27409] INFO -- : [c1f13edd-33e4-4e3a-bdc1-273ba29f5dc8] Parameters: {"record_id"=>"6286340509b30f6934a4ffae", "record_type"=>"assessment_group"}
D, [2023-11-10T12:48:15.657591 #27409] DEBUG -- : [c1f13edd-33e4-4e3a-bdc1-273ba29f5dc8] MONGODB | 10.0.21.12:27018 req:10 conn:1:1 sconn:217 | ASSESSMENT_DASHBOARD.find | STARTED | {"find"=>"lastsyncdatetimes", "filter"=>{}, "limit"=>1, "sort"=>{"_id"=>1}, "singleBatch"=>true, "$db"=>"ASSESSMENT_DASHBOARD", "lsid"=>{"id"=>}}
D, [2023-11-10T12:48:15.658493 #27409] DEBUG -- : [c1f13edd-33e4-4e3a-bdc1-273ba29f5dc8] MONGODB | 10.0.21.12:27018 req:10 | ASSESSMENT_DASHBOARD.find | SUCCEEDED | 0.001s
I, [2023-11-10T12:48:15.659989 #27409] INFO -- : [c1f13edd-33e4-4e3a-bdc1-273ba29f5dc8] Completed 200 OK in 4ms (Views: 0.2ms | ActiveRecord: 0.0ms)
I, [2023-11-10T12:48:15.830984 #27409] INFO -- : [71a5543a-c421-4b2f-88b5-23c26eeb0f70] Started GET "/dashboards/school-dashboard?school=5fe4dba7847a2c2124e87524&block=5e4d17a77206264229157cb8&cluster=5e4d17a77206264229157cc4&district=5e4d17a67206264229157c94&state=5e3954011a2ed23b0ca82b10&class=5f58bccf40924324e92f8aa3%2C5f58bccf40924324e92f8aa5%2C5f58bccf40924324e92f8aa6%2C5f58bccf40924324e92f8aa7%2C607fcb895f0ac760172d302a%2C60b60f860f6aa91f06cfa6c9%2C60b60f900f6aa91f06cfa6cb&subject=5f547436d5686d2320330587%2C612cda196bdc2d53e72e7f43%2C5f547436d5686d2320330584%2C5f547436d5686d2320330585%2C5f547436d5686d2320330586&assess_type=State&session=2023-2024&assessment_group=6286340509b30f6934a4ffae" for 110.224.68.235 at 2023-11-10 12:48:15 +0530
I, [2023-11-10T12:48:15.832074 #27409] INFO -- : [71a5543a-c421-4b2f-88b5-23c26eeb0f70] Processing by DashboardsController#school_dashboard as HTML
I, [2023-11-10T12:48:15.832174 #27409] INFO -- : [71a5543a-c421-4b2f-88b5-23c26eeb0f70] Parameters: {"school"=>"5fe4dba7847a2c2124e87524", "block"=>"5e4d17a77206264229157cb8", "cluster"=>"5e4d17a77206264229157cc4", "district"=>"5e4d17a67206264229157c94", "state"=>"5e3954011a2ed23b0ca82b10", "class"=>"5f58bccf40924324e92f8aa3,5f58bccf40924324e92f8aa5,5f58bccf40924324e92f8aa6,5f58bccf40924324e92f8aa7,607fcb895f0ac760172d302a,60b60f860f6aa91f06cfa6c9,60b60f900f6aa91f06cfa6cb", "subject"=>"5f547436d5686d2320330587,612cda196bdc2d53e72e7f43,5f547436d5686d2320330584,5f547436d5686d2320330585,5f547436d5686d2320330586", "assess_type"=>"State", "session"=>"2023-2024", "assessment_group"=>"6286340509b30f6934a4ffae"}
D, [2023-11-10T12:48:15.834039 #27409] DEBUG -- : [71a5543a-c421-4b2f-88b5-23c26eeb0f70] MONGODB | 10.0.21.12:27018 req:11 conn:1:1 sconn:217 | ASSESSMENT_DASHBOARD.find | STARTED | {"find"=>"lastsyncdatetimes", "filter"=>{}, "limit"=>1, "sort"=>{"_id"=>1}, "singleBatch"=>true, "$db"=>"ASSESSMENT_DASHBOARD", "lsid"=>{"id"=>}}
D, [2023-11-10T12:48:15.835445 #27409] DEBUG -- : [71a5543a-c421-4b2f-88b5-23c26eeb0f70] MONGODB | 10.0.21.12:27018 req:11 | ASSESSMENT_DASHBOARD.find | SUCCEEDED | 0.001s
D, [2023-11-10T12:48:15.838046 #27409] DEBUG -- : [71a5543a-c421-4b2f-88b5-23c26eeb0f70] MONGODB | 10.0.21.12:27018 req:12 conn:1:1 sconn:217 | ASSESSMENT_DASHBOARD.find | STARTED | {"find"=>"states", "filter"=>{"is_active"=>true}, "projection"=>{"_id"=>1, "name"=>1}, "$db"=>"ASSESSMENT_DASHBOARD", "lsid"=>{"id"=>}}
D, [2023-11-10T12:48:15.840370 #27409] DEBUG -- : [71a5543a-c421-4b2f-88b5-23c26eeb0f70] MONGODB | 10.0.21.12:27018 req:12 | ASSESSMENT_DASHBOARD.find | SUCCEEDED | 0.002s
D, [2023-11-10T12:48:15.842586 #27409] DEBUG -- : [71a5543a-c421-4b2f-88b5-23c26eeb0f70] MONGODB | 10.0.21.12:27018 req:13 conn:1:1 sconn:217 | ASSESSMENT_DASHBOARD.find | STARTED | {"find"=>"subjectmasters", "filter"=>{"$or"=>[{"module"=>{"$eq"=>"sa"}}]}, "$db"=>"ASSESSMENT_DASHBOARD", "lsid"=>{"id"=>}}
D, [2023-11-10T12:48:15.845041 #27409] DEBUG -- : [71a5543a-c421-4b2f-88b5-23c26eeb0f70] MONGODB | 10.0.21.12:27018 req:13 | ASSESSMENT_DASHBOARD.find | SUCCEEDED | 0.002s
D, [2023-11-10T12:48:15.877600 #27409] DEBUG -- : [71a5543a-c421-4b2f-88b5-23c26eeb0f70] Customer Load (7.4ms) SELECT `customers`.* FROM `customers` WHERE `customers`.`api_customer_id` = '5e3954011a2ed23b0ca82b10' ORDER BY `customers`.`id` ASC LIMIT 1
D, [2023-11-10T12:48:15.909544 #27409] DEBUG -- : [71a5543a-c421-4b2f-88b5-23c26eeb0f70] ConfigurationParameter Load (10.8ms) SELECT `configuration_parameters`.* FROM `configuration_parameters` WHERE `configuration_parameters`.`slug` = 'grading-system' LIMIT 1
D, [2023-11-10T12:48:15.942532 #27409] DEBUG -- : [71a5543a-c421-4b2f-88b5-23c26eeb0f70] CustomerConfiguration Load (6.5ms) SELECT `customer_configurations`.* FROM `customer_configurations` WHERE `customer_configurations`.`configuration_parameter_id` = 1 AND `customer_configurations`.`customer_id` = 2 ORDER BY `customer_configurations`.`id` ASC LIMIT 1
D, [2023-11-10T12:48:15.954525 #27409] DEBUG -- : [71a5543a-c421-4b2f-88b5-23c26eeb0f70] ConfigurationParameter Load (6.9ms) SELECT `configuration_parameters`.* FROM `configuration_parameters` WHERE `configuration_parameters`.`slug` = 'grading-system-lo' LIMIT 1
D, [2023-11-10T12:48:15.962517 #27409] DEBUG -- : [71a5543a-c421-4b2f-88b5-23c26eeb0f70] CustomerConfiguration Load (6.9ms) SELECT `customer_configurations`.* FROM `customer_configurations` WHERE `customer_configurations`.`configuration_parameter_id` = 3 AND `customer_configurations`.`customer_id` = 2 ORDER BY `customer_configurations`.`id` ASC LIMIT 1
D, [2023-11-10T12:48:15.974512 #27409] DEBUG -- : [71a5543a-c421-4b2f-88b5-23c26eeb0f70] ConfigurationParameter Load (11.1ms) SELECT `configuration_parameters`.* FROM `configuration_parameters` WHERE `configuration_parameters`.`slug` = 'grading-system-only' LIMIT 1
D, [2023-11-10T12:48:15.977916 #27409] DEBUG -- : [71a5543a-c421-4b2f-88b5-23c26eeb0f70] CustomerConfiguration Load (2.4ms) SELECT `customer_configurations`.* FROM `customer_configurations` WHERE `customer_configurations`.`configuration_parameter_id` = 2 AND `customer_configurations`.`customer_id` = 2 ORDER BY `customer_configurations`.`id` ASC LIMIT 1
D, [2023-11-10T12:48:15.980498 #27409] DEBUG -- : [71a5543a-c421-4b2f-88b5-23c26eeb0f70] MONGODB | 10.0.21.12:27018 req:14 conn:1:1 sconn:217 | ASSESSMENT_DASHBOARD.find | STARTED | {"find"=>"districts", "filter"=>{"is_active"=>true, "$or"=>[{"state_id"=>{"$eq"=>BSON::ObjectId('5e3954011a2ed23b0ca82b10')}}]}, "projection"=>{"_id"=>1, "name"=>1}, "$db"=>"ASSESSMENT_DASHBOARD", "lsid"=>{"id"=>"schools", "filter"=>{"isActive"=>true, "_id"=>{"$eq"=>BSON::ObjectId('5fe4dba7847a2c2124e87524')}}, "limit"=>1, "sort"=>{"_id"=>1}, "singleBatch"=>true, "$db"=>"ASSESSMENT_DASHBOARD", "lsid"=>{"id"=>"blocks", "filter"=>{"is_active"=>true, "$or"=>[{"district_id"=>{"$eq"=>BSON::ObjectId('5e4d17a67206264229157c94')}}]}, "projection"=>{"_id"=>1, "name"=>1}, "$db"=>"ASSESSMENT_DASHBOARD", "lsid"=>{"id"=>"clusters", "filter"=>{"is_active"=>true, "$or"=>[{"block_id"=>{"$eq"=>BSON::ObjectId('5e4d17a77206264229157cb8')}}]}, "projection"=>{"_id"=>1, "name"=>1}, "$db"=>"ASSESSMENT_DASHBOARD", "lsid"=>{"id"=>"subjectmasters", "filter"=>{"$or"=>[{"module"=>{"$eq"=>"sa"}}]}, "$db"=>"ASSESSMENT_DASHBOARD", "lsid"=>{"id"=>}}
D, [2023-11-10T12:48:16.048217 #27409] DEBUG -- : [71a5543a-c421-4b2f-88b5-23c26eeb0f70] MONGODB | 10.0.21.12:27018 req:18 | ASSESSMENT_DASHBOARD.find | SUCCEEDED | 0.009s
D, [2023-11-10T12:48:16.050313 #27409] DEBUG -- : [71a5543a-c421-4b2f-88b5-23c26eeb0f70] MONGODB | 10.0.21.12:27018 req:19 conn:1:1 sconn:217 | ASSESSMENT_DASHBOARD.find | STARTED | {"find"=>"departmentmasters", "filter"=>{"$or"=>[{"module"=>{"$eq"=>"sa"}}]}, "$db"=>"ASSESSMENT_DASHBOARD", "lsid"=>{"id"=>}}
D, [2023-11-10T12:48:16.051362 #27409] DEBUG -- : [71a5543a-c421-4b2f-88b5-23c26eeb0f70] MONGODB | 10.0.21.12:27018 req:19 | ASSESSMENT_DASHBOARD.find | SUCCEEDED | 0.001s
D, [2023-11-10T12:48:16.053708 #27409] DEBUG -- : [71a5543a-c421-4b2f-88b5-23c26eeb0f70] MONGODB | 10.0.21.12:27018 req:20 conn:1:1 sconn:217 | ASSESSMENT_DASHBOARD.find | STARTED | {"find"=>"schools", "filter"=>{"isActive"=>true, "$or"=>[{"cluster"=>{"$eq"=>BSON::ObjectId('5e4d17a77206264229157cc4')}}]}, "$db"=>"ASSESSMENT_DASHBOARD", "lsid"=>{"id"=>}}
D, [2023-11-10T12:48:16.337175 #27409] DEBUG -- : [71a5543a-c421-4b2f-88b5-23c26eeb0f70] MONGODB | 10.0.21.12:27018 req:20 | ASSESSMENT_DASHBOARD.find | SUCCEEDED | 0.283s
D, [2023-11-10T12:48:16.339253 #27409] DEBUG -- : [71a5543a-c421-4b2f-88b5-23c26eeb0f70] MONGODB | 10.0.21.12:27018 req:21 conn:1:1 sconn:217 | ASSESSMENT_DASHBOARD.find | STARTED | {"find"=>"clusters", "filter"=>{"is_active"=>true, "_id"=>BSON::ObjectId('5e4d17a77206264229157cc4')}, "limit"=>1, "sort"=>{"_id"=>1}, "singleBatch"=>true, "$db"=>"ASSESSMENT_DASHBOARD", "lsid"=>{"id"=>"clusters", "filter"=>{"is_active"=>true, "_id"=>BSON::ObjectId('5e4d17a77206264229157cc4')}, "limit"=>1, "sort"=>{"_id"=>1}, "singleBatch"=>true, "$db"=>"ASSESSMENT_DASHBOARD", "lsid"=>{"id"=>"clusters", "filter"=>{"is_active"=>true, "_id"=>BSON::ObjectId('5e4d17a77206264229157cc4')}, "limit"=>1, "sort"=>{"_id"=>1}, "singleBatch"=>true, "$db"=>"ASSESSMENT_DASHBOARD", "lsid"=>{"id"=>"clusters", "filter"=>{"is_active"=>true, "_id"=>BSON::ObjectId('5e4d17a77206264229157cc4')}, "limit"=>1, "sort"=>{"_id"=>1}, "singleBatch"=>true, "$db"=>"ASSESSMENT_DASHBOARD", "lsid"=>{"id"=>"clusters", "filter"=>{"is_active"=>true, "_id"=>BSON::ObjectId('5e4d17a77206264229157cc4')}, "limit"=>1, "sort"=>{"_id"=>1}, "singleBatch"=>true, "$db"=>"ASSESSMENT_DASHBOARD", "lsid"=>{"id"=>"clusters", "filter"=>{"is_active"=>true, "_id"=>BSON::ObjectId('5e4d17a77206264229157cc4')}, "limit"=>1, "sort"=>{"_id"=>1}, "singleBatch"=>true, "$db"=>"ASSESSMENT_DASHBOARD", "lsid"=>{"id"=>"assessmentgroups", "filter"=>{"_id"=>{"$eq"=>BSON::ObjectId('6286340509b30f6934a4ffae')}}, "limit"=>1, "sort"=>{"_id"=>1}, "singleBatch"=>true, "$db"=>"ASSESSMENT_DASHBOARD", "lsid"=>{"id"=>"assessmentstudentprogresses", "filter"=>{"state"=>{"$ne"=>nil}, "assessmentType"=>{"$eq"=>"State"}, "is_active"=>true, "school"=>{"$eq"=>BSON::ObjectId('5fe4dba7847a2c2124e87524')}}, "projection"=>{"correctQuestionCnt"=>1, "totalQuestionCnt"...
D, [2023-11-10T12:48:25.638173 #26194] DEBUG -- : [ad63ac0a-3a6b-4366-8b0d-26ca0ecaf975] MONGODB | 10.0.21.12:27018 req:90 | ASSESSMENT_DASHBOARD.getMore | SUCCEEDED | 12.576s
D, [2023-11-10T12:48:25.640059 #26194] DEBUG -- : [ad63ac0a-3a6b-4366-8b0d-26ca0ecaf975] MONGODB | 10.0.21.12:27018 req:92 conn:1:1 sconn:205 | ASSESSMENT_DASHBOARD.find | STARTED | {"find"=>"students", "filter"=>{"diseCode"=>"06030300214"}, "projection"=>{"_id"=>1}, "$db"=>"ASSESSMENT_DASHBOARD", "lsid"=>{"id"=>}}
D, [2023-11-10T12:48:27.403062 #27349] DEBUG -- : [90403a2f-748d-4d7d-82ae-d87f71f9faa3] MONGODB | 10.0.21.12:27018 req:30 | ASSESSMENT_DASHBOARD.find | SUCCEEDED | 20.780s
D, [2023-11-10T12:48:27.405409 #27349] DEBUG -- : [90403a2f-748d-4d7d-82ae-d87f71f9faa3] MONGODB | 10.0.21.12:27018 req:33 conn:1:1 sconn:214 | ASSESSMENT_DASHBOARD.find | STARTED | {"find"=>"students", "filter"=>{"diseCode"=>"06030300212"}, "projection"=>{"_id"=>1}, "$db"=>"ASSESSMENT_DASHBOARD", "lsid"=>{"id"=>}}
D, [2023-11-10T12:48:28.324833 #26194] DEBUG -- : [ad63ac0a-3a6b-4366-8b0d-26ca0ecaf975] MONGODB | 10.0.21.12:27018 req:92 | ASSESSMENT_DASHBOARD.find | SUCCEEDED | 2.685s
D, [2023-11-10T12:48:28.326723 #26194] DEBUG -- : [ad63ac0a-3a6b-4366-8b0d-26ca0ecaf975] MONGODB | 10.0.21.12:27018 req:93 conn:1:1 sconn:205 | ASSESSMENT_DASHBOARD.find | STARTED | {"find"=>"assessmentstudentprogresses", "filter"=>{"assessmentType"=>{"$eq"=>"State"}, "school"=>BSON::ObjectId('5fe4dba7847a2c2124e87524')}, "projection"=>{"correctQuestionCnt"=>1, "totalQuestionCnt"=>1, "subject"=>1}, "$db"=>"ASSESSMENT_DASHBOARD", ...
D, [2023-11-10T12:48:28.876937 #27349] DEBUG -- : [90403a2f-748d-4d7d-82ae-d87f71f9faa3] MONGODB | 10.0.21.12:27018 req:33 | ASSESSMENT_DASHBOARD.find | SUCCEEDED | 1.471s
D, [2023-11-10T12:48:28.878752 #27349] DEBUG -- : [90403a2f-748d-4d7d-82ae-d87f71f9faa3] MONGODB | 10.0.21.12:27018 req:35 conn:1:1 sconn:214 | ASSESSMENT_DASHBOARD.find | STARTED | {"find"=>"assessmentstudentprogresses", "filter"=>{"assessmentType"=>{"$eq"=>"State"}, "school"=>BSON::ObjectId('5fe4dba7847a2c2124e87522')}, "projection"=>{"correctQuestionCnt"=>1, "totalQuestionCnt"=>1, "subject"=>1}, "$db"=>"ASSESSMENT_DASHBOARD", ...
D, [2023-11-10T12:48:33.572110 #27349] DEBUG -- : [90403a2f-748d-4d7d-82ae-d87f71f9faa3] MONGODB | 10.0.21.12:27018 req:35 | ASSESSMENT_DASHBOARD.find | SUCCEEDED | 4.693s
D, [2023-11-10T12:48:33.573887 #27349] DEBUG -- : [90403a2f-748d-4d7d-82ae-d87f71f9faa3] MONGODB | 10.0.21.12:27018 req:36 conn:1:1 sconn:214 | ASSESSMENT_DASHBOARD.getMore | STARTED | {"getMore"=>#, "collection"=>"assessmentstudentprogresses", "$db"=>"ASSESSMENT_DASHBOARD", "lsid"=>{"id"=>}}
D, [2023-11-10T12:48:39.500080 #26194] DEBUG -- : [ad63ac0a-3a6b-4366-8b0d-26ca0ecaf975] MONGODB | 10.0.21.12:27018 req:93 | ASSESSMENT_DASHBOARD.find | SUCCEEDED | 11.173s
D, [2023-11-10T12:48:39.501538 #26194] DEBUG -- : [ad63ac0a-3a6b-4366-8b0d-26ca0ecaf975] MONGODB | 10.0.21.12:27018 req:95 conn:1:1 sconn:205 | ASSESSMENT_DASHBOARD.getMore | STARTED | {"getMore"=>#, "collection"=>"assessmentstudentprogresses", "$db"=>"ASSESSMENT_DASHBOARD", "lsid"=>{"id"=>}}
D, [2023-11-10T12:48:45.773612 #27409] DEBUG -- : [71a5543a-c421-4b2f-88b5-23c26eeb0f70] MONGODB | 10.0.21.12:27018 req:28 | ASSESSMENT_DASHBOARD.find | SUCCEEDED | 29.335s
D, [2023-11-10T12:48:45.775628 #27409] DEBUG -- : [71a5543a-c421-4b2f-88b5-23c26eeb0f70] MONGODB | 10.0.21.12:27018 req:32 conn:1:1 sconn:217 | ASSESSMENT_DASHBOARD.find | STARTED | {"find"=>"schools", "filter"=>{"isActive"=>true, "_id"=>{"$eq"=>BSON::ObjectId('5fe4dba7847a2c2124e87524')}}, "limit"=>1, "sort"=>{"_id"=>1}, "singleBatch"=>true, "$db"=>"ASSESSMENT_DASHBOARD", "lsid"=>{"id"=>"clusters", "filter"=>{"is_active"=>true, "_id"=>BSON::ObjectId('5e4d17a77206264229157cc4')}, "limit"=>1, "sort"=>{"_id"=>1}, "singleBatch"=>true, "$db"=>"ASSESSMENT_DASHBOARD", "lsid"=>{"id"=>"schools", "filter"=>{"isActive"=>true, "cluster"=>BSON::ObjectId('5e4d17a77206264229157cc4')}, "$db"=>"ASSESSMENT_DASHBOARD", "lsid"=>{"id"=>}}
D, [2023-11-10T12:48:46.031284 #27409] DEBUG -- : [71a5543a-c421-4b2f-88b5-23c26eeb0f70] MONGODB | 10.0.21.12:27018 req:34 | ASSESSMENT_DASHBOARD.find | SUCCEEDED | 0.244s
D, [2023-11-10T12:48:46.033203 #27409] DEBUG -- : [71a5543a-c421-4b2f-88b5-23c26eeb0f70] MONGODB | 10.0.21.12:27018 req:35 conn:1:1 sconn:217 | ASSESSMENT_DASHBOARD.find | STARTED | {"find"=>"students", "filter"=>{"diseCode"=>"06030300211"}, "projection"=>{"_id"=>1}, "$db"=>"ASSESSMENT_DASHBOARD", "lsid"=>{"id"=>}}
D, [2023-11-10T12:48:48.096018 #27409] DEBUG -- : [71a5543a-c421-4b2f-88b5-23c26eeb0f70] MONGODB | 10.0.21.12:27018 req:35 | ASSESSMENT_DASHBOARD.find | SUCCEEDED | 2.063s
D, [2023-11-10T12:48:48.098150 #27409] DEBUG -- : [71a5543a-c421-4b2f-88b5-23c26eeb0f70] MONGODB | 10.0.21.12:27018 req:36 conn:1:1 sconn:217 | ASSESSMENT_DASHBOARD.find | STARTED | {"find"=>"assessmentstudentprogresses", "filter"=>{"assessmentType"=>{"$eq"=>"State"}, "school"=>BSON::ObjectId('5fe4dba7847a2c2124e87521')}, "projection"=>{"correctQuestionCnt"=>1, "totalQuestionCnt"=>1, "subject"=>1}, "$db"=>"ASSESSMENT_DASHBOARD", ...
D, [2023-11-10T12:48:50.651865 #26194] DEBUG -- : [ad63ac0a-3a6b-4366-8b0d-26ca0ecaf975] MONGODB | 10.0.21.12:27018 req:95 | ASSESSMENT_DASHBOARD.getMore | SUCCEEDED | 11.150s
D, [2023-11-10T12:48:50.654062 #26194] DEBUG -- : [ad63ac0a-3a6b-4366-8b0d-26ca0ecaf975] MONGODB | 10.0.21.12:27018 req:98 conn:1:1 sconn:205 | ASSESSMENT_DASHBOARD.find | STARTED | {"find"=>"students", "filter"=>{"diseCode"=>"06030305202"}, "projection"=>{"_id"=>1}, "$db"=>"ASSESSMENT_DASHBOARD", "lsid"=>{"id"=>}}
D, [2023-11-10T12:48:51.718439 #27349] DEBUG -- : [90403a2f-748d-4d7d-82ae-d87f71f9faa3] MONGODB | 10.0.21.12:27018 req:36 | ASSESSMENT_DASHBOARD.getMore | SUCCEEDED | 18.144s
D, [2023-11-10T12:48:51.746217 #27349] DEBUG -- : [90403a2f-748d-4d7d-82ae-d87f71f9faa3] MONGODB | 10.0.21.12:27018 req:39 conn:1:1 sconn:214 | ASSESSMENT_DASHBOARD.find | STARTED | {"find"=>"students", "filter"=>{"diseCode"=>"06030300213"}, "projection"=>{"_id"=>1}, "$db"=>"ASSESSMENT_DASHBOARD", "lsid"=>{"id"=>}}
D, [2023-11-10T12:48:52.213723 #26194] DEBUG -- : [ad63ac0a-3a6b-4366-8b0d-26ca0ecaf975] MONGODB | 10.0.21.12:27018 req:98 | ASSESSMENT_DASHBOARD.find | SUCCEEDED | 1.559s
D, [2023-11-10T12:48:52.215665 #26194] DEBUG -- : [ad63ac0a-3a6b-4366-8b0d-26ca0ecaf975] MONGODB | 10.0.21.12:27018 req:99 conn:1:1 sconn:205 | ASSESSMENT_DASHBOARD.find | STARTED | {"find"=>"assessmentstudentprogresses", "filter"=>{"assessmentType"=>{"$eq"=>"State"}, "school"=>BSON::ObjectId('5fe4dba8847a2c2124e87556')}, "projection"=>{"correctQuestionCnt"=>1, "totalQuestionCnt"=>1, "subject"=>1}, "$db"=>"ASSESSMENT_DASHBOARD", ...
D, [2023-11-10T12:48:53.393029 #27349] DEBUG -- : [90403a2f-748d-4d7d-82ae-d87f71f9faa3] MONGODB | 10.0.21.12:27018 req:39 | ASSESSMENT_DASHBOARD.find | SUCCEEDED | 1.647s
D, [2023-11-10T12:48:53.395127 #27349] DEBUG -- : [90403a2f-748d-4d7d-82ae-d87f71f9faa3] MONGODB | 10.0.21.12:27018 req:40 conn:1:1 sconn:214 | ASSESSMENT_DASHBOARD.find | STARTED | {"find"=>"assessmentstudentprogresses", "filter"=>{"assessmentType"=>{"$eq"=>"State"}, "school"=>BSON::ObjectId('5fe4dba7847a2c2124e87523')}, "projection"=>{"correctQuestionCnt"=>1, "totalQuestionCnt"=>1, "subject"=>1}, "$db"=>"ASSESSMENT_DASHBOARD", ...
D, [2023-11-10T12:48:53.484745 #26194] DEBUG -- : [ad63ac0a-3a6b-4366-8b0d-26ca0ecaf975] MONGODB | 10.0.21.12:27018 req:99 | ASSESSMENT_DASHBOARD.find | SUCCEEDED | 1.269s
D, [2023-11-10T12:48:53.486189 #26194] DEBUG -- : [ad63ac0a-3a6b-4366-8b0d-26ca0ecaf975] MONGODB | 10.0.21.12:27018 req:100 conn:1:1 sconn:205 | ASSESSMENT_DASHBOARD.getMore | STARTED | {"getMore"=>#, "collection"=>"assessmentstudentprogresses", "$db"=>"ASSESSMENT_DASHBOARD", "lsid"=>{"id"=>}}
D, [2023-11-10T12:49:01.032192 #27349] DEBUG -- : [90403a2f-748d-4d7d-82ae-d87f71f9faa3] MONGODB | 10.0.21.12:27018 req:40 | ASSESSMENT_DASHBOARD.find | SUCCEEDED | 7.637s
D, [2023-11-10T12:49:01.033708 #27349] DEBUG -- : [90403a2f-748d-4d7d-82ae-d87f71f9faa3] MONGODB | 10.0.21.12:27018 req:42 conn:1:1 sconn:214 | ASSESSMENT_DASHBOARD.getMore | STARTED | {"getMore"=>#, "collection"=>"assessmentstudentprogresses", "$db"=>"ASSESSMENT_DASHBOARD", "lsid"=>{"id"=>}}
D, [2023-11-10T12:49:11.569422 #27409] DEBUG -- : [71a5543a-c421-4b2f-88b5-23c26eeb0f70] MONGODB | 10.0.21.12:27018 req:36 | ASSESSMENT_DASHBOARD.find | SUCCEEDED | 23.471s
D, [2023-11-10T12:49:11.571771 #27409] DEBUG -- : [71a5543a-c421-4b2f-88b5-23c26eeb0f70] MONGODB | 10.0.21.12:27018 req:40 conn:1:1 sconn:217 | ASSESSMENT_DASHBOARD.find | STARTED | {"find"=>"students", "filter"=>{"diseCode"=>"06030300212"}, "projection"=>{"_id"=>1}, "$db"=>"ASSESSMENT_DASHBOARD", "lsid"=>{"id"=>}}
D, [2023-11-10T12:49:11.856987 #27349] DEBUG -- : [90403a2f-748d-4d7d-82ae-d87f71f9faa3] MONGODB | 10.0.21.12:27018 req:42 | ASSESSMENT_DASHBOARD.getMore | SUCCEEDED | 10.823s
D, [2023-11-10T12:49:11.858942 #27349] DEBUG -- : [90403a2f-748d-4d7d-82ae-d87f71f9faa3] MONGODB | 10.0.21.12:27018 req:44 conn:1:1 sconn:214 | ASSESSMENT_DASHBOARD.find | STARTED | {"find"=>"students", "filter"=>{"diseCode"=>"06030300214"}, "projection"=>{"_id"=>1}, "$db"=>"ASSESSMENT_DASHBOARD", "lsid"=>{"id"=>}}
D, [2023-11-10T12:49:12.096437 #26194] DEBUG -- : [ad63ac0a-3a6b-4366-8b0d-26ca0ecaf975] MONGODB | 10.0.21.12:27018 req:100 | ASSESSMENT_DASHBOARD.getMore | SUCCEEDED | 18.610s
D, [2023-11-10T12:49:12.100925 #26194] DEBUG -- : [ad63ac0a-3a6b-4366-8b0d-26ca0ecaf975] MONGODB | 10.0.21.12:27018 req:103 conn:1:1 sconn:205 | ASSESSMENT_DASHBOARD.find | STARTED | {"find"=>"students", "filter"=>{"diseCode"=>"06030311901"}, "projection"=>{"_id"=>1}, "$db"=>"ASSESSMENT_DASHBOARD", "lsid"=>{"id"=>}}
D, [2023-11-10T12:49:13.362268 #26194] DEBUG -- : [ad63ac0a-3a6b-4366-8b0d-26ca0ecaf975] MONGODB | 10.0.21.12:27018 req:103 | ASSESSMENT_DASHBOARD.find | SUCCEEDED | 1.261s
D, [2023-11-10T12:49:13.364009 #26194] DEBUG -- : [ad63ac0a-3a6b-4366-8b0d-26ca0ecaf975] MONGODB | 10.0.21.12:27018 req:104 conn:1:1 sconn:205 | ASSESSMENT_DASHBOARD.find | STARTED | {"find"=>"assessmentstudentprogresses", "filter"=>{"assessmentType"=>{"$eq"=>"State"}, "school"=>BSON::ObjectId('5fe4dba9847a2c2124e87595')}, "projection"=>{"correctQuestionCnt"=>1, "totalQuestionCnt"=>1, "subject"=>1}, "$db"=>"ASSESSMENT_DASHBOARD", ...
D, [2023-11-10T12:49:13.647475 #27349] DEBUG -- : [90403a2f-748d-4d7d-82ae-d87f71f9faa3] MONGODB | 10.0.21.12:27018 req:44 | ASSESSMENT_DASHBOARD.find | SUCCEEDED | 1.788s
D, [2023-11-10T12:49:13.649349 #27349] DEBUG -- : [90403a2f-748d-4d7d-82ae-d87f71f9faa3] MONGODB | 10.0.21.12:27018 req:45 conn:1:1 sconn:214 | ASSESSMENT_DASHBOARD.find | STARTED | {"find"=>"assessmentstudentprogresses", "filter"=>{"assessmentType"=>{"$eq"=>"State"}, "school"=>BSON::ObjectId('5fe4dba7847a2c2124e87524')}, "projection"=>{"correctQuestionCnt"=>1, "totalQuestionCnt"=>1, "subject"=>1}, "$db"=>"ASSESSMENT_DASHBOARD", ...
D, [2023-11-10T12:49:13.719761 #27409] DEBUG -- : [71a5543a-c421-4b2f-88b5-23c26eeb0f70] MONGODB | 10.0.21.12:27018 req:40 | ASSESSMENT_DASHBOARD.find | SUCCEEDED | 2.148s
D, [2023-11-10T12:49:13.721656 #27409] DEBUG -- : [71a5543a-c421-4b2f-88b5-23c26eeb0f70] MONGODB | 10.0.21.12:27018 req:41 conn:1:1 sconn:217 | ASSESSMENT_DASHBOARD.find | STARTED | {"find"=>"assessmentstudentprogresses", "filter"=>{"assessmentType"=>{"$eq"=>"State"}, "school"=>BSON::ObjectId('5fe4dba7847a2c2124e87522')}, "projection"=>{"correctQuestionCnt"=>1, "totalQuestionCnt"=>1, "subject"=>1}, "$db"=>"ASSESSMENT_DASHBOARD", ...
D, [2023-11-10T12:49:17.475449 #27409] DEBUG -- : [71a5543a-c421-4b2f-88b5-23c26eeb0f70] MONGODB | 10.0.21.12:27018 req:41 | ASSESSMENT_DASHBOARD.find | SUCCEEDED | 3.754s
D, [2023-11-10T12:49:17.477211 #27409] DEBUG -- : [71a5543a-c421-4b2f-88b5-23c26eeb0f70] MONGODB | 10.0.21.12:27018 req:42 conn:1:1 sconn:217 | ASSESSMENT_DASHBOARD.getMore | STARTED | {"getMore"=>#, "collection"=>"assessmentstudentprogresses", "$db"=>"ASSESSMENT_DASHBOARD", "lsid"=>{"id"=>}}
D, [2023-11-10T12:49:23.960534 #27349] DEBUG -- : [90403a2f-748d-4d7d-82ae-d87f71f9faa3] MONGODB | 10.0.21.12:27018 req:45 | ASSESSMENT_DASHBOARD.find | SUCCEEDED | 10.311s
D, [2023-11-10T12:49:23.962060 #27349] DEBUG -- : [90403a2f-748d-4d7d-82ae-d87f71f9faa3] MONGODB | 10.0.21.12:27018 req:47 conn:1:1 sconn:214 | ASSESSMENT_DASHBOARD.getMore | STARTED | {"getMore"=>#, "collection"=>"assessmentstudentprogresses", "$db"=>"ASSESSMENT_DASHBOARD", "lsid"=>{"id"=>}}
D, [2023-11-10T12:49:34.579603 #26194] DEBUG -- : [ad63ac0a-3a6b-4366-8b0d-26ca0ecaf975] MONGODB | 10.0.21.12:27018 req:104 | ASSESSMENT_DASHBOARD.find | SUCCEEDED | 21.215s
I, [2023-11-10T12:49:34.655727 #26194] INFO -- : [ad63ac0a-3a6b-4366-8b0d-26ca0ecaf975] Rendering dashboards/school_dashboard.html.erb within layouts/dashboards
D, [2023-11-10T12:49:34.661535 #26194] DEBUG -- : [ad63ac0a-3a6b-4366-8b0d-26ca0ecaf975] Widget Load (1.1ms) SELECT `widgets`.* FROM `widgets` INNER JOIN `dashboard_widgets` ON `widgets`.`id` = `dashboard_widgets`.`widget_id` WHERE `dashboard_widgets`.`dashboard_id` = 3 ORDER BY sort_order ASC
I, [2023-11-10T12:49:34.679957 #26194] INFO -- : [ad63ac0a-3a6b-4366-8b0d-26ca0ecaf975] Rendered charts/_pie_chart.html.erb (0.7ms)
I, [2023-11-10T12:49:34.680061 #26194] INFO -- : [ad63ac0a-3a6b-4366-8b0d-26ca0ecaf975] Rendered baithak_widgets/_percentage_of_grades_received_in_subjects.html.erb (1.7ms)
I, [2023-11-10T12:49:34.682818 #26194] INFO -- : [ad63ac0a-3a6b-4366-8b0d-26ca0ecaf975] Rendered baithak_widgets/_average_marks_by_class_and_subject.html.erb (1.6ms)
I, [2023-11-10T12:49:34.685617 #26194] INFO -- : [ad63ac0a-3a6b-4366-8b0d-26ca0ecaf975] Rendered charts/_bar_chart_stacked.html.erb (0.8ms)
I, [2023-11-10T12:49:34.685698 #26194] INFO -- : [ad63ac0a-3a6b-4366-8b0d-26ca0ecaf975] Rendered baithak_widgets/_grades_received_by_subject.html.erb (1.9ms)
I, [2023-11-10T12:49:34.687715 #26194] INFO -- : [ad63ac0a-3a6b-4366-8b0d-26ca0ecaf975] Rendered charts/_bar_chart_stacked.html.erb (0.4ms)
I, [2023-11-10T12:49:34.687790 #26194] INFO -- : [ad63ac0a-3a6b-4366-8b0d-26ca0ecaf975] Rendered baithak_widgets/_grades_received_by_class.html.erb (1.1ms)
I, [2023-11-10T12:49:34.689225 #26194] INFO -- : [ad63ac0a-3a6b-4366-8b0d-26ca0ecaf975] Rendered baithak_widgets/_per_grades_in_a.html.erb (0.4ms)
I, [2023-11-10T12:49:34.690765 #26194] INFO -- : [ad63ac0a-3a6b-4366-8b0d-26ca0ecaf975] Rendered baithak_widgets/_school_ranking_cluster_level.html.erb (0.5ms)
I, [2023-11-10T12:49:34.692412 #26194] INFO -- : [ad63ac0a-3a6b-4366-8b0d-26ca0ecaf975] Rendered charts/_bar_chart_stacked.html.erb (0.1ms)
I, [2023-11-10T12:49:34.692483 #26194] INFO -- : [ad63ac0a-3a6b-4366-8b0d-26ca0ecaf975] Rendered baithak_widgets/_year_wise_trend_of_grades.html.erb (0.7ms)
I, [2023-11-10T12:49:34.692530 #26194] INFO -- : [ad63ac0a-3a6b-4366-8b0d-26ca0ecaf975] Rendered dashboards/_widgets.html.erb (16.8ms)
I, [2023-11-10T12:49:34.692641 #26194] INFO -- : [ad63ac0a-3a6b-4366-8b0d-26ca0ecaf975] Rendered dashboards/school_dashboard.html.erb within layouts/dashboards (36.8ms)
D, [2023-11-10T12:49:34.851489 #26194] DEBUG -- : [ad63ac0a-3a6b-4366-8b0d-26ca0ecaf975] Dashboard Load (0.9ms) SELECT `dashboards`.* FROM `dashboards` WHERE `dashboards`.`is_active` = TRUE ORDER BY `dashboards`.`sort_order` ASC
I, [2023-11-10T12:49:34.852329 #26194] INFO -- : [ad63ac0a-3a6b-4366-8b0d-26ca0ecaf975] Rendered layouts/_top_navigation.html.erb (4.7ms)
D, [2023-11-10T12:49:34.857235 #26194] DEBUG -- : [ad63ac0a-3a6b-4366-8b0d-26ca0ecaf975] MONGODB | 10.0.21.12:27018 req:107 conn:1:1 sconn:205 | ASSESSMENT_DASHBOARD.find | STARTED | {"find"=>"assessmentgroups", "filter"=>{}, "sort"=>{"groupName"=>1}, "$db"=>"ASSESSMENT_DASHBOARD", "lsid"=>{"id"=>}}
D, [2023-11-10T12:49:34.858309 #26194] DEBUG -- : [ad63ac0a-3a6b-4366-8b0d-26ca0ecaf975] MONGODB | 10.0.21.12:27018 req:107 | ASSESSMENT_DASHBOARD.find | SUCCEEDED | 0.001s
I, [2023-11-10T12:49:34.864659 #26194] INFO -- : [ad63ac0a-3a6b-4366-8b0d-26ca0ecaf975] Rendered layouts/_top_filter.html.erb (11.7ms)
I, [2023-11-10T12:49:34.865696 #26194] INFO -- : [ad63ac0a-3a6b-4366-8b0d-26ca0ecaf975] Rendered layouts/_footer.html.erb (0.4ms)
I, [2023-11-10T12:49:34.866641 #26194] INFO -- : [ad63ac0a-3a6b-4366-8b0d-26ca0ecaf975] Completed 200 OK in 139704ms (Views: 210.3ms | ActiveRecord: 14.7ms)
D, [2023-11-10T12:49:34.884561 #27409] DEBUG -- : [71a5543a-c421-4b2f-88b5-23c26eeb0f70] MONGODB | 10.0.21.12:27018 req:42 | ASSESSMENT_DASHBOARD.getMore | SUCCEEDED | 17.407s
D, [2023-11-10T12:49:34.891075 #27409] DEBUG -- : [71a5543a-c421-4b2f-88b5-23c26eeb0f70] MONGODB | 10.0.21.12:27018 req:45 conn:1:1 sconn:217 | ASSESSMENT_DASHBOARD.find | STARTED | {"find"=>"students", "filter"=>{"diseCode"=>"06030300213"}, "projection"=>{"_id"=>1}, "$db"=>"ASSESSMENT_DASHBOARD", "lsid"=>{"id"=>}}
D, [2023-11-10T12:49:34.929857 #27349] DEBUG -- : [90403a2f-748d-4d7d-82ae-d87f71f9faa3] MONGODB | 10.0.21.12:27018 req:47 | ASSESSMENT_DASHBOARD.getMore | SUCCEEDED | 10.968s
D, [2023-11-10T12:49:34.932190 #27349] DEBUG -- : [90403a2f-748d-4d7d-82ae-d87f71f9faa3] MONGODB | 10.0.21.12:27018 req:49 conn:1:1 sconn:214 | ASSESSMENT_DASHBOARD.find | STARTED | {"find"=>"students", "filter"=>{"diseCode"=>"06030305202"}, "projection"=>{"_id"=>1}, "$db"=>"ASSESSMENT_DASHBOARD", "lsid"=>{"id"=>}}
D, [2023-11-10T12:49:36.259481 #27349] DEBUG -- : [90403a2f-748d-4d7d-82ae-d87f71f9faa3] MONGODB | 10.0.21.12:27018 req:49 | ASSESSMENT_DASHBOARD.find | SUCCEEDED | 1.327s
D, [2023-11-10T12:49:36.259487 #27409] DEBUG -- : [71a5543a-c421-4b2f-88b5-23c26eeb0f70] MONGODB | 10.0.21.12:27018 req:45 | ASSESSMENT_DASHBOARD.find | SUCCEEDED | 1.368s
D, [2023-11-10T12:49:36.261443 #27349] DEBUG -- : [90403a2f-748d-4d7d-82ae-d87f71f9faa3] MONGODB | 10.0.21.12:27018 req:50 conn:1:1 sconn:214 | ASSESSMENT_DASHBOARD.find | STARTED | {"find"=>"assessmentstudentprogresses", "filter"=>{"assessmentType"=>{"$eq"=>"State"}, "school"=>BSON::ObjectId('5fe4dba8847a2c2124e87556')}, "projection"=>{"correctQuestionCnt"=>1, "totalQuestionCnt"=>1, "subject"=>1}, "$db"=>"ASSESSMENT_DASHBOARD", ...
D, [2023-11-10T12:49:36.261443 #27409] DEBUG -- : [71a5543a-c421-4b2f-88b5-23c26eeb0f70] MONGODB | 10.0.21.12:27018 req:46 conn:1:1 sconn:217 | ASSESSMENT_DASHBOARD.find | STARTED | {"find"=>"assessmentstudentprogresses", "filter"=>{"assessmentType"=>{"$eq"=>"State"}, "school"=>BSON::ObjectId('5fe4dba7847a2c2124e87523')}, "projection"=>{"correctQuestionCnt"=>1, "totalQuestionCnt"=>1, "subject"=>1}, "$db"=>"ASSESSMENT_DASHBOARD", ...
D, [2023-11-10T12:49:38.354159 #27349] DEBUG -- : [90403a2f-748d-4d7d-82ae-d87f71f9faa3] MONGODB | 10.0.21.12:27018 req:50 | ASSESSMENT_DASHBOARD.find | SUCCEEDED | 2.093s
D, [2023-11-10T12:49:38.355690 #27349] DEBUG -- : [90403a2f-748d-4d7d-82ae-d87f71f9faa3] MONGODB | 10.0.21.12:27018 req:51 conn:1:1 sconn:214 | ASSESSMENT_DASHBOARD.getMore | STARTED | {"getMore"=>#, "collection"=>"assessmentstudentprogresses", "$db"=>"ASSESSMENT_DASHBOARD", "lsid"=>{"id"=>}}
D, [2023-11-10T12:49:43.192027 #27409] DEBUG -- : [71a5543a-c421-4b2f-88b5-23c26eeb0f70] MONGODB | 10.0.21.12:27018 req:46 | ASSESSMENT_DASHBOARD.find | SUCCEEDED | 6.930s
D, [2023-11-10T12:49:43.193051 #27409] DEBUG -- : [71a5543a-c421-4b2f-88b5-23c26eeb0f70] MONGODB | 10.0.21.12:27018 req:48 conn:1:1 sconn:217 | ASSESSMENT_DASHBOARD.getMore | STARTED | {"getMore"=>#, "collection"=>"assessmentstudentprogresses", "$db"=>"ASSESSMENT_DASHBOARD", "lsid"=>{"id"=>}}
I, [2023-11-10T12:49:45.751620 #26194] INFO -- : [adc7e42e-b35f-44c1-94d2-4d2cdb75e6ca] Started GET "/dashboards/school-dashboard?school=5fe4dba7847a2c2124e87524&block=5e4d17a77206264229157cb8&cluster=5e4d17a77206264229157cc4&district=5e4d17a67206264229157c94&state=5e3954011a2ed23b0ca82b10&class=5f58bccf40924324e92f8aa3%2C5f58bccf40924324e92f8aa5%2C5f58bccf40924324e92f8aa6%2C5f58bccf40924324e92f8aa7%2C607fcb895f0ac760172d302a%2C60b60f860f6aa91f06cfa6c9%2C60b60f900f6aa91f06cfa6cb&subject=5f547436d5686d2320330587%2C612cda196bdc2d53e72e7f43%2C5f547436d5686d2320330584%2C5f547436d5686d2320330585%2C5f547436d5686d2320330586&assess_type=State&session=2023-2024&assessment_group=6286340509b30f6934a4ffae" for 110.224.68.235 at 2023-11-10 12:49:45 +0530
I, [2023-11-10T12:49:45.752927 #26194] INFO -- : [adc7e42e-b35f-44c1-94d2-4d2cdb75e6ca] Processing by DashboardsController#school_dashboard as HTML
I, [2023-11-10T12:49:45.753095 #26194] INFO -- : [adc7e42e-b35f-44c1-94d2-4d2cdb75e6ca] Parameters: {"school"=>"5fe4dba7847a2c2124e87524", "block"=>"5e4d17a77206264229157cb8", "cluster"=>"5e4d17a77206264229157cc4", "district"=>"5e4d17a67206264229157c94", "state"=>"5e3954011a2ed23b0ca82b10", "class"=>"5f58bccf40924324e92f8aa3,5f58bccf40924324e92f8aa5,5f58bccf40924324e92f8aa6,5f58bccf40924324e92f8aa7,607fcb895f0ac760172d302a,60b60f860f6aa91f06cfa6c9,60b60f900f6aa91f06cfa6cb", "subject"=>"5f547436d5686d2320330587,612cda196bdc2d53e72e7f43,5f547436d5686d2320330584,5f547436d5686d2320330585,5f547436d5686d2320330586", "assess_type"=>"State", "session"=>"2023-2024", "assessment_group"=>"6286340509b30f6934a4ffae"}
D, [2023-11-10T12:49:45.755173 #26194] DEBUG -- : [adc7e42e-b35f-44c1-94d2-4d2cdb75e6ca] MONGODB | 10.0.21.12:27018 req:109 conn:1:1 sconn:205 | ASSESSMENT_DASHBOARD.find | STARTED | {"find"=>"lastsyncdatetimes", "filter"=>{}, "limit"=>1, "sort"=>{"_id"=>1}, "singleBatch"=>true, "$db"=>"ASSESSMENT_DASHBOARD", "lsid"=>{"id"=>}}
D, [2023-11-10T12:49:45.756048 #26194] DEBUG -- : [adc7e42e-b35f-44c1-94d2-4d2cdb75e6ca] MONGODB | 10.0.21.12:27018 req:109 | ASSESSMENT_DASHBOARD.find | SUCCEEDED | 0.001s
D, [2023-11-10T12:49:45.758623 #26194] DEBUG -- : [adc7e42e-b35f-44c1-94d2-4d2cdb75e6ca] MONGODB | 10.0.21.12:27018 req:110 conn:1:1 sconn:205 | ASSESSMENT_DASHBOARD.find | STARTED | {"find"=>"states", "filter"=>{"is_active"=>true}, "projection"=>{"_id"=>1, "name"=>1}, "$db"=>"ASSESSMENT_DASHBOARD", "lsid"=>{"id"=>}}
D, [2023-11-10T12:49:45.768046 #26194] DEBUG -- : [adc7e42e-b35f-44c1-94d2-4d2cdb75e6ca] MONGODB | 10.0.21.12:27018 req:110 | ASSESSMENT_DASHBOARD.find | SUCCEEDED | 0.009s
D, [2023-11-10T12:49:45.769950 #26194] DEBUG -- : [adc7e42e-b35f-44c1-94d2-4d2cdb75e6ca] MONGODB | 10.0.21.12:27018 req:111 conn:1:1 sconn:205 | ASSESSMENT_DASHBOARD.find | STARTED | {"find"=>"subjectmasters", "filter"=>{"$or"=>[{"module"=>{"$eq"=>"sa"}}]}, "$db"=>"ASSESSMENT_DASHBOARD", "lsid"=>{"id"=>}}
D, [2023-11-10T12:49:45.772153 #26194] DEBUG -- : [adc7e42e-b35f-44c1-94d2-4d2cdb75e6ca] MONGODB | 10.0.21.12:27018 req:111 | ASSESSMENT_DASHBOARD.find | SUCCEEDED | 0.002s
D, [2023-11-10T12:49:45.782133 #26194] DEBUG -- : [adc7e42e-b35f-44c1-94d2-4d2cdb75e6ca] Customer Load (1.2ms) SELECT `customers`.* FROM `customers` WHERE `customers`.`api_customer_id` = '5e3954011a2ed23b0ca82b10' ORDER BY `customers`.`id` ASC LIMIT 1
D, [2023-11-10T12:49:45.785552 #26194] DEBUG -- : [adc7e42e-b35f-44c1-94d2-4d2cdb75e6ca] ConfigurationParameter Load (2.5ms) SELECT `configuration_parameters`.* FROM `configuration_parameters` WHERE `configuration_parameters`.`slug` = 'grading-system' LIMIT 1
D, [2023-11-10T12:49:45.788269 #26194] DEBUG -- : [adc7e42e-b35f-44c1-94d2-4d2cdb75e6ca] CustomerConfiguration Load (1.6ms) SELECT `customer_configurations`.* FROM `customer_configurations` WHERE `customer_configurations`.`configuration_parameter_id` = 1 AND `customer_configurations`.`customer_id` = 2 ORDER BY `customer_configurations`.`id` ASC LIMIT 1
