I, [2023-10-08T11:03:01.679018 #13199] INFO -- : [42424776-374b-425c-ade9-6f862f2f6092] Started GET "/assets/logo-91a5ff1789fbf503baf9628adaba7791c98a220c799470722a3bdb12445b30af.png" for 122.161.77.181 at 2023-10-08 11:03:01 +0530
D, [2023-10-08T11:03:07.742430 #13199] DEBUG -- : MONGODB | Server description for 10.0.21.12:27018 changed from 'standalone' to 'standalone'.
D, [2023-10-08T11:03:07.742552 #13199] DEBUG -- : MONGODB | There was a change in the members of the 'Single' topology.
D, [2023-10-08T11:03:07.911672 #13229] DEBUG -- : MONGODB | Server description for 10.0.21.12:27018 changed from 'standalone' to 'standalone'.
D, [2023-10-08T11:03:07.911791 #13229] DEBUG -- : MONGODB | There was a change in the members of the 'Single' topology.
I, [2023-10-08T11:03:09.384204 #13199] INFO -- : [6cb026dd-8b58-4735-8d84-e9fe5ef5cae6] Started GET "/.git/config" for 91.213.50.8 at 2023-10-08 11:03:09 +0530
F, [2023-10-08T11:03:09.384838 #13199] FATAL -- : [6cb026dd-8b58-4735-8d84-e9fe5ef5cae6]
F, [2023-10-08T11:03:09.384875 #13199] FATAL -- : [6cb026dd-8b58-4735-8d84-e9fe5ef5cae6] ActionController::RoutingError (No route matches [GET] "/.git/config"):
F, [2023-10-08T11:03:09.384890 #13199] FATAL -- : [6cb026dd-8b58-4735-8d84-e9fe5ef5cae6]
F, [2023-10-08T11:03:09.384917 #13199] FATAL -- : [6cb026dd-8b58-4735-8d84-e9fe5ef5cae6] actionpack (5.2.4.3) lib/action_dispatch/middleware/debug_exceptions.rb:65:in `call' [6cb026dd-8b58-4735-8d84-e9fe5ef5cae6] actionpack (5.2.4.3) lib/action_dispatch/middleware/show_exceptions.rb:33:in `call' [6cb026dd-8b58-4735-8d84-e9fe5ef5cae6] railties (5.2.4.3) lib/rails/rack/logger.rb:38:in `call_app' [6cb026dd-8b58-4735-8d84-e9fe5ef5cae6] railties (5.2.4.3) lib/rails/rack/logger.rb:26:in `block in call' [6cb026dd-8b58-4735-8d84-e9fe5ef5cae6] activesupport (5.2.4.3) lib/active_support/tagged_logging.rb:71:in `block in tagged' [6cb026dd-8b58-4735-8d84-e9fe5ef5cae6] activesupport (5.2.4.3) lib/active_support/tagged_logging.rb:28:in `tagged' [6cb026dd-8b58-4735-8d84-e9fe5ef5cae6] activesupport (5.2.4.3) lib/active_support/tagged_logging.rb:71:in `tagged' [6cb026dd-8b58-4735-8d84-e9fe5ef5cae6] railties (5.2.4.3) lib/rails/rack/logger.rb:26:in `call' [6cb026dd-8b58-4735-8d84-e9fe5ef5cae6] actionpack (5.2.4.3) lib/action_dispatch/middleware/remote_ip.rb:81:in `call' [6cb026dd-8b58-4735-8d84-e9fe5ef5cae6] actionpack (5.2.4.3) lib/action_dispatch/middleware/request_id.rb:27:in `call' [6cb026dd-8b58-4735-8d84-e9fe5ef5cae6] rack (2.2.3) lib/rack/method_override.rb:24:in `call' [6cb026dd-8b58-4735-8d84-e9fe5ef5cae6] rack (2.2.3) lib/rack/runtime.rb:22:in `call' [6cb026dd-8b58-4735-8d84-e9fe5ef5cae6] activesupport (5.2.4.3) lib/active_support/cache/strategy/local_cache_middleware.rb:29:in `call' [6cb026dd-8b58-4735-8d84-e9fe5ef5cae6] actionpack (5.2.4.3) lib/action_dispatch/middleware/executor.rb:14:in `call' [6cb026dd-8b58-4735-8d84-e9fe5ef5cae6] actionpack (5.2.4.3) lib/action_dispatch/middleware/static.rb:127:in `call' [6cb026dd-8b58-4735-8d84-e9fe5ef5cae6] rack (2.2.3) lib/rack/sendfile.rb:110:in `call' [6cb026dd-8b58-4735-8d84-e9fe5ef5cae6] railties (5.2.4.3) lib/rails/engine.rb:524:in `call' [6cb026dd-8b58-4735-8d84-e9fe5ef5cae6] passenger (6.0.15) src/ruby_supportlib/phusion_passenger/rack/thread_handler_extension.rb:107:in `process_request' [6cb026dd-8b58-4735-8d84-e9fe5ef5cae6] passenger (6.0.15) src/ruby_supportlib/phusion_passenger/request_handler/thread_handler.rb:149:in `accept_and_process_next_request' [6cb026dd-8b58-4735-8d84-e9fe5ef5cae6] passenger (6.0.15) src/ruby_supportlib/phusion_passenger/request_handler/thread_handler.rb:110:in `main_loop' [6cb026dd-8b58-4735-8d84-e9fe5ef5cae6] passenger (6.0.15) src/ruby_supportlib/phusion_passenger/request_handler.rb:419:in `block (3 levels) in start_threads' [6cb026dd-8b58-4735-8d84-e9fe5ef5cae6] passenger (6.0.15) src/ruby_supportlib/phusion_passenger/utils.rb:113:in `block in create_thread_and_abort_on_exception'
I, [2023-10-08T11:03:10.767261 #13199] INFO -- : [2b8a3791-be0c-41d4-ad9a-2bf357b46134] Started GET "/dashboards/district-dashboard" for 122.161.77.181 at 2023-10-08 11:03:10 +0530
I, [2023-10-08T11:03:10.767899 #13199] INFO -- : [2b8a3791-be0c-41d4-ad9a-2bf357b46134] Processing by DashboardsController#district_dashboard as HTML
D, [2023-10-08T11:03:10.769304 #13199] DEBUG -- : [2b8a3791-be0c-41d4-ad9a-2bf357b46134] MONGODB | 10.0.21.12:27018 req:27 conn:1:1 sconn:202 | ASSESSMENT_DASHBOARD.find | STARTED | {"find"=>"lastsyncdatetimes", "filter"=>{}, "sort"=>{"_id"=>1}, "limit"=>1, "singleBatch"=>true, "$db"=>"ASSESSMENT_DASHBOARD", "lsid"=>{"id"=>}}
D, [2023-10-08T11:03:10.770019 #13199] DEBUG -- : [2b8a3791-be0c-41d4-ad9a-2bf357b46134] MONGODB | 10.0.21.12:27018 req:27 | ASSESSMENT_DASHBOARD.find | SUCCEEDED | 0.001s
D, [2023-10-08T11:03:10.771649 #13199] DEBUG -- : [2b8a3791-be0c-41d4-ad9a-2bf357b46134] MONGODB | 10.0.21.12:27018 req:28 conn:1:1 sconn:202 | ASSESSMENT_DASHBOARD.find | STARTED | {"find"=>"states", "filter"=>{"is_active"=>true}, "projection"=>{"_id"=>1, "name"=>1}, "$db"=>"ASSESSMENT_DASHBOARD", "lsid"=>{"id"=>}}
D, [2023-10-08T11:03:10.772196 #13199] DEBUG -- : [2b8a3791-be0c-41d4-ad9a-2bf357b46134] MONGODB | 10.0.21.12:27018 req:28 | ASSESSMENT_DASHBOARD.find | SUCCEEDED | 0.000s
D, [2023-10-08T11:03:10.773340 #13199] DEBUG -- : [2b8a3791-be0c-41d4-ad9a-2bf357b46134] MONGODB | 10.0.21.12:27018 req:29 conn:1:1 sconn:202 | ASSESSMENT_DASHBOARD.find | STARTED | {"find"=>"subjectmasters", "filter"=>{"$or"=>[{"module"=>{"$eq"=>"sa"}}]}, "$db"=>"ASSESSMENT_DASHBOARD", "lsid"=>{"id"=>}}
D, [2023-10-08T11:03:10.773940 #13199] DEBUG -- : [2b8a3791-be0c-41d4-ad9a-2bf357b46134] MONGODB | 10.0.21.12:27018 req:29 | ASSESSMENT_DASHBOARD.find | SUCCEEDED | 0.000s
D, [2023-10-08T11:03:10.774968 #13199] DEBUG -- : [2b8a3791-be0c-41d4-ad9a-2bf357b46134] MONGODB | 10.0.21.12:27018 req:30 conn:1:1 sconn:202 | ASSESSMENT_DASHBOARD.find | STARTED | {"find"=>"departmentmasters", "filter"=>{"$or"=>[{"module"=>{"$eq"=>"sa"}}]}, "$db"=>"ASSESSMENT_DASHBOARD", "lsid"=>{"id"=>}}
D, [2023-10-08T11:03:10.775670 #13199] DEBUG -- : [2b8a3791-be0c-41d4-ad9a-2bf357b46134] MONGODB | 10.0.21.12:27018 req:30 | ASSESSMENT_DASHBOARD.find | SUCCEEDED | 0.000s
D, [2023-10-08T11:03:10.776756 #13199] DEBUG -- : [2b8a3791-be0c-41d4-ad9a-2bf357b46134] MONGODB | 10.0.21.12:27018 req:31 conn:1:1 sconn:202 | ASSESSMENT_DASHBOARD.find | STARTED | {"find"=>"departmentmasters", "filter"=>{"$or"=>[{"module"=>{"$eq"=>"sa"}}]}, "$db"=>"ASSESSMENT_DASHBOARD", "lsid"=>{"id"=>}}
D, [2023-10-08T11:03:10.777477 #13199] DEBUG -- : [2b8a3791-be0c-41d4-ad9a-2bf357b46134] MONGODB | 10.0.21.12:27018 req:31 | ASSESSMENT_DASHBOARD.find | SUCCEEDED | 0.000s
D, [2023-10-08T11:03:10.778535 #13199] DEBUG -- : [2b8a3791-be0c-41d4-ad9a-2bf357b46134] MONGODB | 10.0.21.12:27018 req:32 conn:1:1 sconn:202 | ASSESSMENT_DASHBOARD.find | STARTED | {"find"=>"subjectmasters", "filter"=>{"$or"=>[{"module"=>{"$eq"=>"sa"}}]}, "$db"=>"ASSESSMENT_DASHBOARD", "lsid"=>{"id"=>}}
D, [2023-10-08T11:03:10.779166 #13199] DEBUG -- : [2b8a3791-be0c-41d4-ad9a-2bf357b46134] MONGODB | 10.0.21.12:27018 req:32 | ASSESSMENT_DASHBOARD.find | SUCCEEDED | 0.000s
D, [2023-10-08T11:03:10.780130 #13199] DEBUG -- : [2b8a3791-be0c-41d4-ad9a-2bf357b46134] MONGODB | 10.0.21.12:27018 req:33 conn:1:1 sconn:202 | ASSESSMENT_DASHBOARD.find | STARTED | {"find"=>"subjectmasters", "filter"=>{"$or"=>[{"module"=>{"$eq"=>"sa"}}]}, "$db"=>"ASSESSMENT_DASHBOARD", "lsid"=>{"id"=>}}
D, [2023-10-08T11:03:10.780679 #13199] DEBUG -- : [2b8a3791-be0c-41d4-ad9a-2bf357b46134] MONGODB | 10.0.21.12:27018 req:33 | ASSESSMENT_DASHBOARD.find | SUCCEEDED | 0.000s
D, [2023-10-08T11:03:10.781615 #13199] DEBUG -- : [2b8a3791-be0c-41d4-ad9a-2bf357b46134] MONGODB | 10.0.21.12:27018 req:34 conn:1:1 sconn:202 | ASSESSMENT_DASHBOARD.find | STARTED | {"find"=>"subjectmasters", "filter"=>{"$or"=>[{"module"=>{"$eq"=>"sa"}}]}, "$db"=>"ASSESSMENT_DASHBOARD", "lsid"=>{"id"=>}}
D, [2023-10-08T11:03:10.782189 #13199] DEBUG -- : [2b8a3791-be0c-41d4-ad9a-2bf357b46134] MONGODB | 10.0.21.12:27018 req:34 | ASSESSMENT_DASHBOARD.find | SUCCEEDED | 0.000s
D, [2023-10-08T11:03:10.783306 #13199] DEBUG -- : [2b8a3791-be0c-41d4-ad9a-2bf357b46134] MONGODB | 10.0.21.12:27018 req:35 conn:1:1 sconn:202 | ASSESSMENT_DASHBOARD.find | STARTED | {"find"=>"departmentmasters", "filter"=>{"$or"=>[{"module"=>{"$eq"=>"sa"}}]}, "$db"=>"ASSESSMENT_DASHBOARD", "lsid"=>{"id"=>}}
D, [2023-10-08T11:03:10.784096 #13199] DEBUG -- : [2b8a3791-be0c-41d4-ad9a-2bf357b46134] MONGODB | 10.0.21.12:27018 req:35 | ASSESSMENT_DASHBOARD.find | SUCCEEDED | 0.001s
D, [2023-10-08T11:03:10.787038 #13199] DEBUG -- : [2b8a3791-be0c-41d4-ad9a-2bf357b46134] Dashboard Load (0.8ms) SELECT `dashboards`.* FROM `dashboards` WHERE `dashboards`.`slug` = 'district-dashboard' AND `dashboards`.`is_active` = TRUE ORDER BY `dashboards`.`sort_order` ASC LIMIT 1
I, [2023-10-08T11:03:10.789040 #13199] INFO -- : [2b8a3791-be0c-41d4-ad9a-2bf357b46134] Rendering dashboards/district_dashboard.html.erb within layouts/dashboards
I, [2023-10-08T11:03:10.789495 #13199] INFO -- : [2b8a3791-be0c-41d4-ad9a-2bf357b46134] Rendered dashboards/district_dashboard.html.erb within layouts/dashboards (0.4ms)
D, [2023-10-08T11:03:10.793769 #13199] DEBUG -- : [2b8a3791-be0c-41d4-ad9a-2bf357b46134] Dashboard Load (0.7ms) SELECT `dashboards`.* FROM `dashboards` WHERE `dashboards`.`is_active` = TRUE ORDER BY `dashboards`.`sort_order` ASC
I, [2023-10-08T11:03:10.794269 #13199] INFO -- : [2b8a3791-be0c-41d4-ad9a-2bf357b46134] Rendered layouts/_top_navigation.html.erb (2.0ms)
D, [2023-10-08T11:03:10.797310 #13199] DEBUG -- : [2b8a3791-be0c-41d4-ad9a-2bf357b46134] MONGODB | 10.0.21.12:27018 req:36 conn:1:1 sconn:202 | ASSESSMENT_DASHBOARD.find | STARTED | {"find"=>"assessmentgroups", "filter"=>{}, "sort"=>{"groupName"=>1}, "$db"=>"ASSESSMENT_DASHBOARD", "lsid"=>{"id"=>}}
D, [2023-10-08T11:03:10.797938 #13199] DEBUG -- : [2b8a3791-be0c-41d4-ad9a-2bf357b46134] MONGODB | 10.0.21.12:27018 req:36 | ASSESSMENT_DASHBOARD.find | SUCCEEDED | 0.000s
I, [2023-10-08T11:03:10.800306 #13199] INFO -- : [2b8a3791-be0c-41d4-ad9a-2bf357b46134] Rendered layouts/_top_filter.html.erb (5.5ms)
I, [2023-10-08T11:03:10.800435 #13199] INFO -- : [2b8a3791-be0c-41d4-ad9a-2bf357b46134] Rendered layouts/_footer.html.erb (0.0ms)
I, [2023-10-08T11:03:10.800933 #13199] INFO -- : [2b8a3791-be0c-41d4-ad9a-2bf357b46134] Completed 200 OK in 33ms (Views: 11.9ms | ActiveRecord: 1.5ms)
I, [2023-10-08T11:03:26.567171 #13199] INFO -- : [d9b52148-58f1-4310-aa01-85709ef71927] Started HEAD "/" for 172.234.49.237 at 2023-10-08 11:03:26 +0530
I, [2023-10-08T11:03:26.567807 #13199] INFO -- : [d9b52148-58f1-4310-aa01-85709ef71927] Processing by DashboardsController#index as */*
D, [2023-10-08T11:03:26.569036 #13199] DEBUG -- : [d9b52148-58f1-4310-aa01-85709ef71927] MONGODB | 10.0.21.12:27018 req:37 conn:1:1 sconn:202 | ASSESSMENT_DASHBOARD.find | STARTED | {"find"=>"lastsyncdatetimes", "filter"=>{}, "sort"=>{"_id"=>1}, "limit"=>1, "singleBatch"=>true, "$db"=>"ASSESSMENT_DASHBOARD", "lsid"=>{"id"=>}}
D, [2023-10-08T11:03:26.569713 #13199] DEBUG -- : [d9b52148-58f1-4310-aa01-85709ef71927] MONGODB | 10.0.21.12:27018 req:37 | ASSESSMENT_DASHBOARD.find | SUCCEEDED | 0.001s
D, [2023-10-08T11:03:26.571335 #13199] DEBUG -- : [d9b52148-58f1-4310-aa01-85709ef71927] MONGODB | 10.0.21.12:27018 req:38 conn:1:1 sconn:202 | ASSESSMENT_DASHBOARD.find | STARTED | {"find"=>"states", "filter"=>{"is_active"=>true}, "projection"=>{"_id"=>1, "name"=>1}, "$db"=>"ASSESSMENT_DASHBOARD", "lsid"=>{"id"=>}}
D, [2023-10-08T11:03:26.571870 #13199] DEBUG -- : [d9b52148-58f1-4310-aa01-85709ef71927] MONGODB | 10.0.21.12:27018 req:38 | ASSESSMENT_DASHBOARD.find | SUCCEEDED | 0.000s
D, [2023-10-08T11:03:26.572986 #13199] DEBUG -- : [d9b52148-58f1-4310-aa01-85709ef71927] MONGODB | 10.0.21.12:27018 req:39 conn:1:1 sconn:202 | ASSESSMENT_DASHBOARD.find | STARTED | {"find"=>"subjectmasters", "filter"=>{"$or"=>[{"module"=>{"$eq"=>"sa"}}]}, "$db"=>"ASSESSMENT_DASHBOARD", "lsid"=>{"id"=>}}
D, [2023-10-08T11:03:26.573595 #13199] DEBUG -- : [d9b52148-58f1-4310-aa01-85709ef71927] MONGODB | 10.0.21.12:27018 req:39 | ASSESSMENT_DASHBOARD.find | SUCCEEDED | 0.000s
D, [2023-10-08T11:03:26.574594 #13199] DEBUG -- : [d9b52148-58f1-4310-aa01-85709ef71927] MONGODB | 10.0.21.12:27018 req:40 conn:1:1 sconn:202 | ASSESSMENT_DASHBOARD.find | STARTED | {"find"=>"departmentmasters", "filter"=>{"$or"=>[{"module"=>{"$eq"=>"sa"}}]}, "$db"=>"ASSESSMENT_DASHBOARD", "lsid"=>{"id"=>}}
D, [2023-10-08T11:03:26.575329 #13199] DEBUG -- : [d9b52148-58f1-4310-aa01-85709ef71927] MONGODB | 10.0.21.12:27018 req:40 | ASSESSMENT_DASHBOARD.find | SUCCEEDED | 0.001s
D, [2023-10-08T11:03:26.576328 #13199] DEBUG -- : [d9b52148-58f1-4310-aa01-85709ef71927] MONGODB | 10.0.21.12:27018 req:41 conn:1:1 sconn:202 | ASSESSMENT_DASHBOARD.find | STARTED | {"find"=>"departmentmasters", "filter"=>{"$or"=>[{"module"=>{"$eq"=>"sa"}}]}, "$db"=>"ASSESSMENT_DASHBOARD", "lsid"=>{"id"=>}}
D, [2023-10-08T11:03:26.576998 #13199] DEBUG -- : [d9b52148-58f1-4310-aa01-85709ef71927] MONGODB | 10.0.21.12:27018 req:41 | ASSESSMENT_DASHBOARD.find | SUCCEEDED | 0.000s
D, [2023-10-08T11:03:26.577967 #13199] DEBUG -- : [d9b52148-58f1-4310-aa01-85709ef71927] MONGODB | 10.0.21.12:27018 req:42 conn:1:1 sconn:202 | ASSESSMENT_DASHBOARD.find | STARTED | {"find"=>"subjectmasters", "filter"=>{"$or"=>[{"module"=>{"$eq"=>"sa"}}]}, "$db"=>"ASSESSMENT_DASHBOARD", "lsid"=>{"id"=>}}
D, [2023-10-08T11:03:26.578485 #13199] DEBUG -- : [d9b52148-58f1-4310-aa01-85709ef71927] MONGODB | 10.0.21.12:27018 req:42 | ASSESSMENT_DASHBOARD.find | SUCCEEDED | 0.000s
D, [2023-10-08T11:03:26.579368 #13199] DEBUG -- : [d9b52148-58f1-4310-aa01-85709ef71927] MONGODB | 10.0.21.12:27018 req:43 conn:1:1 sconn:202 | ASSESSMENT_DASHBOARD.find | STARTED | {"find"=>"subjectmasters", "filter"=>{"$or"=>[{"module"=>{"$eq"=>"sa"}}]}, "$db"=>"ASSESSMENT_DASHBOARD", "lsid"=>{"id"=>}}
D, [2023-10-08T11:03:26.579883 #13199] DEBUG -- : [d9b52148-58f1-4310-aa01-85709ef71927] MONGODB | 10.0.21.12:27018 req:43 | ASSESSMENT_DASHBOARD.find | SUCCEEDED | 0.000s
D, [2023-10-08T11:03:26.580729 #13199] DEBUG -- : [d9b52148-58f1-4310-aa01-85709ef71927] MONGODB | 10.0.21.12:27018 req:44 conn:1:1 sconn:202 | ASSESSMENT_DASHBOARD.find | STARTED | {"find"=>"subjectmasters", "filter"=>{"$or"=>[{"module"=>{"$eq"=>"sa"}}]}, "$db"=>"ASSESSMENT_DASHBOARD", "lsid"=>{"id"=>}}
D, [2023-10-08T11:03:26.581254 #13199] DEBUG -- : [d9b52148-58f1-4310-aa01-85709ef71927] MONGODB | 10.0.21.12:27018 req:44 | ASSESSMENT_DASHBOARD.find | SUCCEEDED | 0.000s
D, [2023-10-08T11:03:26.582121 #13199] DEBUG -- : [d9b52148-58f1-4310-aa01-85709ef71927] MONGODB | 10.0.21.12:27018 req:45 conn:1:1 sconn:202 | ASSESSMENT_DASHBOARD.find | STARTED | {"find"=>"departmentmasters", "filter"=>{"$or"=>[{"module"=>{"$eq"=>"sa"}}]}, "$db"=>"ASSESSMENT_DASHBOARD", "lsid"=>{"id"=>}}
D, [2023-10-08T11:03:26.582752 #13199] DEBUG -- : [d9b52148-58f1-4310-aa01-85709ef71927] MONGODB | 10.0.21.12:27018 req:45 | ASSESSMENT_DASHBOARD.find | SUCCEEDED | 0.000s
I, [2023-10-08T11:03:26.587658 #13199] INFO -- : [d9b52148-58f1-4310-aa01-85709ef71927] Rendering dashboards/index.html.erb within layouts/application
D, [2023-10-08T11:03:26.589657 #13199] DEBUG -- : [d9b52148-58f1-4310-aa01-85709ef71927] Dashboard Load (0.7ms) SELECT `dashboards`.* FROM `dashboards` WHERE `dashboards`.`is_active` = TRUE ORDER BY `dashboards`.`sort_order` ASC
I, [2023-10-08T11:03:26.590058 #13199] INFO -- : [d9b52148-58f1-4310-aa01-85709ef71927] Rendered dashboards/index.html.erb within layouts/application (2.3ms)
I, [2023-10-08T11:03:26.596711 #13199] INFO -- : [d9b52148-58f1-4310-aa01-85709ef71927] Rendered layouts/_top_navigation.html.erb (1.5ms)
I, [2023-10-08T11:03:26.600712 #13199] INFO -- : [d9b52148-58f1-4310-aa01-85709ef71927] Rendered layouts/_footer.html.erb (0.2ms)
I, [2023-10-08T11:03:26.600921 #13199] INFO -- : [d9b52148-58f1-4310-aa01-85709ef71927] Completed 200 OK in 33ms (Views: 12.8ms | ActiveRecord: 0.7ms)
I, [2023-10-08T11:04:52.240054 #13199] INFO -- : [81cc3e29-8143-4ce2-b52f-8272589d5e72] Started GET "/" for 154.28.229.192 at 2023-10-08 11:04:52 +0530
I, [2023-10-08T11:04:52.241327 #13199] INFO -- : [81cc3e29-8143-4ce2-b52f-8272589d5e72] Processing by DashboardsController#index as HTML
D, [2023-10-08T11:04:52.243724 #13199] DEBUG -- : [81cc3e29-8143-4ce2-b52f-8272589d5e72] MONGODB | 10.0.21.12:27018 req:46 conn:1:1 sconn:202 | ASSESSMENT_DASHBOARD.find | STARTED | {"find"=>"lastsyncdatetimes", "filter"=>{}, "sort"=>{"_id"=>1}, "limit"=>1, "singleBatch"=>true, "$db"=>"ASSESSMENT_DASHBOARD", "lsid"=>{"id"=>}}
D, [2023-10-08T11:04:52.244397 #13199] DEBUG -- : [81cc3e29-8143-4ce2-b52f-8272589d5e72] MONGODB | 10.0.21.12:27018 req:46 | ASSESSMENT_DASHBOARD.find | SUCCEEDED | 0.001s
D, [2023-10-08T11:04:52.247101 #13199] DEBUG -- : [81cc3e29-8143-4ce2-b52f-8272589d5e72] MONGODB | 10.0.21.12:27018 req:47 conn:1:1 sconn:202 | ASSESSMENT_DASHBOARD.find | STARTED | {"find"=>"states", "filter"=>{"is_active"=>true}, "projection"=>{"_id"=>1, "name"=>1}, "$db"=>"ASSESSMENT_DASHBOARD", "lsid"=>{"id"=>}}
D, [2023-10-08T11:04:52.248186 #13199] DEBUG -- : [81cc3e29-8143-4ce2-b52f-8272589d5e72] MONGODB | 10.0.21.12:27018 req:47 | ASSESSMENT_DASHBOARD.find | SUCCEEDED | 0.000s
D, [2023-10-08T11:04:52.250477 #13199] DEBUG -- : [81cc3e29-8143-4ce2-b52f-8272589d5e72] MONGODB | 10.0.21.12:27018 req:48 conn:1:1 sconn:202 | ASSESSMENT_DASHBOARD.find | STARTED | {"find"=>"subjectmasters", "filter"=>{"$or"=>[{"module"=>{"$eq"=>"sa"}}]}, "$db"=>"ASSESSMENT_DASHBOARD", "lsid"=>{"id"=>}}
D, [2023-10-08T11:04:52.251522 #13199] DEBUG -- : [81cc3e29-8143-4ce2-b52f-8272589d5e72] MONGODB | 10.0.21.12:27018 req:48 | ASSESSMENT_DASHBOARD.find | SUCCEEDED | 0.001s
D, [2023-10-08T11:04:52.253360 #13199] DEBUG -- : [81cc3e29-8143-4ce2-b52f-8272589d5e72] MONGODB | 10.0.21.12:27018 req:49 conn:1:1 sconn:202 | ASSESSMENT_DASHBOARD.find | STARTED | {"find"=>"departmentmasters", "filter"=>{"$or"=>[{"module"=>{"$eq"=>"sa"}}]}, "$db"=>"ASSESSMENT_DASHBOARD", "lsid"=>{"id"=>}}
D, [2023-10-08T11:04:52.254787 #13199] DEBUG -- : [81cc3e29-8143-4ce2-b52f-8272589d5e72] MONGODB | 10.0.21.12:27018 req:49 | ASSESSMENT_DASHBOARD.find | SUCCEEDED | 0.001s
D, [2023-10-08T11:04:52.257430 #13199] DEBUG -- : [81cc3e29-8143-4ce2-b52f-8272589d5e72] MONGODB | 10.0.21.12:27018 req:50 conn:1:1 sconn:202 | ASSESSMENT_DASHBOARD.find | STARTED | {"find"=>"departmentmasters", "filter"=>{"$or"=>[{"module"=>{"$eq"=>"sa"}}]}, "$db"=>"ASSESSMENT_DASHBOARD", "lsid"=>{"id"=>}}
D, [2023-10-08T11:04:52.258659 #13199] DEBUG -- : [81cc3e29-8143-4ce2-b52f-8272589d5e72] MONGODB | 10.0.21.12:27018 req:50 | ASSESSMENT_DASHBOARD.find | SUCCEEDED | 0.001s
D, [2023-10-08T11:04:52.261275 #13199] DEBUG -- : [81cc3e29-8143-4ce2-b52f-8272589d5e72] MONGODB | 10.0.21.12:27018 req:51 conn:1:1 sconn:202 | ASSESSMENT_DASHBOARD.find | STARTED | {"find"=>"subjectmasters", "filter"=>{"$or"=>[{"module"=>{"$eq"=>"sa"}}]}, "$db"=>"ASSESSMENT_DASHBOARD", "lsid"=>{"id"=>}}
D, [2023-10-08T11:04:52.262353 #13199] DEBUG -- : [81cc3e29-8143-4ce2-b52f-8272589d5e72] MONGODB | 10.0.21.12:27018 req:51 | ASSESSMENT_DASHBOARD.find | SUCCEEDED | 0.000s
D, [2023-10-08T11:04:52.264362 #13199] DEBUG -- : [81cc3e29-8143-4ce2-b52f-8272589d5e72] MONGODB | 10.0.21.12:27018 req:52 conn:1:1 sconn:202 | ASSESSMENT_DASHBOARD.find | STARTED | {"find"=>"subjectmasters", "filter"=>{"$or"=>[{"module"=>{"$eq"=>"sa"}}]}, "$db"=>"ASSESSMENT_DASHBOARD", "lsid"=>{"id"=>}}
D, [2023-10-08T11:04:52.265434 #13199] DEBUG -- : [81cc3e29-8143-4ce2-b52f-8272589d5e72] MONGODB | 10.0.21.12:27018 req:52 | ASSESSMENT_DASHBOARD.find | SUCCEEDED | 0.001s
D, [2023-10-08T11:04:52.267353 #13199] DEBUG -- : [81cc3e29-8143-4ce2-b52f-8272589d5e72] MONGODB | 10.0.21.12:27018 req:53 conn:1:1 sconn:202 | ASSESSMENT_DASHBOARD.find | STARTED | {"find"=>"subjectmasters", "filter"=>{"$or"=>[{"module"=>{"$eq"=>"sa"}}]}, "$db"=>"ASSESSMENT_DASHBOARD", "lsid"=>{"id"=>}}
D, [2023-10-08T11:04:52.268396 #13199] DEBUG -- : [81cc3e29-8143-4ce2-b52f-8272589d5e72] MONGODB | 10.0.21.12:27018 req:53 | ASSESSMENT_DASHBOARD.find | SUCCEEDED | 0.001s
D, [2023-10-08T11:04:52.270353 #13199] DEBUG -- : [81cc3e29-8143-4ce2-b52f-8272589d5e72] MONGODB | 10.0.21.12:27018 req:54 conn:1:1 sconn:202 | ASSESSMENT_DASHBOARD.find | STARTED | {"find"=>"departmentmasters", "filter"=>{"$or"=>[{"module"=>{"$eq"=>"sa"}}]}, "$db"=>"ASSESSMENT_DASHBOARD", "lsid"=>{"id"=>}}
D, [2023-10-08T11:04:52.271541 #13199] DEBUG -- : [81cc3e29-8143-4ce2-b52f-8272589d5e72] MONGODB | 10.0.21.12:27018 req:54 | ASSESSMENT_DASHBOARD.find | SUCCEEDED | 0.001s
I, [2023-10-08T11:04:52.274274 #13199] INFO -- : [81cc3e29-8143-4ce2-b52f-8272589d5e72] Rendering dashboards/index.html.erb within layouts/application
D, [2023-10-08T11:04:52.275943 #13199] DEBUG -- : [81cc3e29-8143-4ce2-b52f-8272589d5e72] Dashboard Load (0.7ms) SELECT `dashboards`.* FROM `dashboards` WHERE `dashboards`.`is_active` = TRUE ORDER BY `dashboards`.`sort_order` ASC
I, [2023-10-08T11:04:52.276775 #13199] INFO -- : [81cc3e29-8143-4ce2-b52f-8272589d5e72] Rendered dashboards/index.html.erb within layouts/application (2.4ms)
I, [2023-10-08T11:04:52.283632 #13199] INFO -- : [81cc3e29-8143-4ce2-b52f-8272589d5e72] Rendered layouts/_top_navigation.html.erb (1.0ms)
I, [2023-10-08T11:04:52.283778 #13199] INFO -- : [81cc3e29-8143-4ce2-b52f-8272589d5e72] Rendered layouts/_footer.html.erb (0.0ms)
I, [2023-10-08T11:04:52.283976 #13199] INFO -- : [81cc3e29-8143-4ce2-b52f-8272589d5e72] Completed 200 OK in 43ms (Views: 9.7ms | ActiveRecord: 0.7ms)
I, [2023-10-08T11:04:52.591939 #13199] INFO -- : [090573a5-f29a-483c-b00e-c724819b54e3] Started GET "/" for 154.28.229.192 at 2023-10-08 11:04:52 +0530
I, [2023-10-08T11:04:52.592550 #13199] INFO -- : [090573a5-f29a-483c-b00e-c724819b54e3] Processing by DashboardsController#index as HTML
D, [2023-10-08T11:04:52.594149 #13199] DEBUG -- : [090573a5-f29a-483c-b00e-c724819b54e3] MONGODB | 10.0.21.12:27018 req:55 conn:1:1 sconn:202 | ASSESSMENT_DASHBOARD.find | STARTED | {"find"=>"lastsyncdatetimes", "filter"=>{}, "sort"=>{"_id"=>1}, "limit"=>1, "singleBatch"=>true, "$db"=>"ASSESSMENT_DASHBOARD", "lsid"=>{"id"=>}}
D, [2023-10-08T11:04:52.595116 #13199] DEBUG -- : [090573a5-f29a-483c-b00e-c724819b54e3] MONGODB | 10.0.21.12:27018 req:55 | ASSESSMENT_DASHBOARD.find | SUCCEEDED | 0.001s
D, [2023-10-08T11:04:52.597364 #13199] DEBUG -- : [090573a5-f29a-483c-b00e-c724819b54e3] MONGODB | 10.0.21.12:27018 req:56 conn:1:1 sconn:202 | ASSESSMENT_DASHBOARD.find | STARTED | {"find"=>"states", "filter"=>{"is_active"=>true}, "projection"=>{"_id"=>1, "name"=>1}, "$db"=>"ASSESSMENT_DASHBOARD", "lsid"=>{"id"=>}}
D, [2023-10-08T11:04:52.597943 #13199] DEBUG -- : [090573a5-f29a-483c-b00e-c724819b54e3] MONGODB | 10.0.21.12:27018 req:56 | ASSESSMENT_DASHBOARD.find | SUCCEEDED | 0.000s
D, [2023-10-08T11:04:52.599745 #13199] DEBUG -- : [090573a5-f29a-483c-b00e-c724819b54e3] MONGODB | 10.0.21.12:27018 req:57 conn:1:1 sconn:202 | ASSESSMENT_DASHBOARD.find | STARTED | {"find"=>"subjectmasters", "filter"=>{"$or"=>[{"module"=>{"$eq"=>"sa"}}]}, "$db"=>"ASSESSMENT_DASHBOARD", "lsid"=>{"id"=>}}
D, [2023-10-08T11:04:52.600659 #13199] DEBUG -- : [090573a5-f29a-483c-b00e-c724819b54e3] MONGODB | 10.0.21.12:27018 req:57 | ASSESSMENT_DASHBOARD.find | SUCCEEDED | 0.000s
D, [2023-10-08T11:04:52.602294 #13199] DEBUG -- : [090573a5-f29a-483c-b00e-c724819b54e3] MONGODB | 10.0.21.12:27018 req:58 conn:1:1 sconn:202 | ASSESSMENT_DASHBOARD.find | STARTED | {"find"=>"departmentmasters", "filter"=>{"$or"=>[{"module"=>{"$eq"=>"sa"}}]}, "$db"=>"ASSESSMENT_DASHBOARD", "lsid"=>{"id"=>}}
D, [2023-10-08T11:04:52.603282 #13199] DEBUG -- : [090573a5-f29a-483c-b00e-c724819b54e3] MONGODB | 10.0.21.12:27018 req:58 | ASSESSMENT_DASHBOARD.find | SUCCEEDED | 0.001s
D, [2023-10-08T11:04:52.604931 #13199] DEBUG -- : [090573a5-f29a-483c-b00e-c724819b54e3] MONGODB | 10.0.21.12:27018 req:59 conn:1:1 sconn:202 | ASSESSMENT_DASHBOARD.find | STARTED | {"find"=>"departmentmasters", "filter"=>{"$or"=>[{"module"=>{"$eq"=>"sa"}}]}, "$db"=>"ASSESSMENT_DASHBOARD", "lsid"=>{"id"=>}}
D, [2023-10-08T11:04:52.605872 #13199] DEBUG -- : [090573a5-f29a-483c-b00e-c724819b54e3] MONGODB | 10.0.21.12:27018 req:59 | ASSESSMENT_DASHBOARD.find | SUCCEEDED | 0.001s
D, [2023-10-08T11:04:52.607771 #13199] DEBUG -- : [090573a5-f29a-483c-b00e-c724819b54e3] MONGODB | 10.0.21.12:27018 req:60 conn:1:1 sconn:202 | ASSESSMENT_DASHBOARD.find | STARTED | {"find"=>"subjectmasters", "filter"=>{"$or"=>[{"module"=>{"$eq"=>"sa"}}]}, "$db"=>"ASSESSMENT_DASHBOARD", "lsid"=>{"id"=>}}
D, [2023-10-08T11:04:52.608304 #13199] DEBUG -- : [090573a5-f29a-483c-b00e-c724819b54e3] MONGODB | 10.0.21.12:27018 req:60 | ASSESSMENT_DASHBOARD.find | SUCCEEDED | 0.000s
D, [2023-10-08T11:04:52.610235 #13199] DEBUG -- : [090573a5-f29a-483c-b00e-c724819b54e3] MONGODB | 10.0.21.12:27018 req:61 conn:1:1 sconn:202 | ASSESSMENT_DASHBOARD.find | STARTED | {"find"=>"subjectmasters", "filter"=>{"$or"=>[{"module"=>{"$eq"=>"sa"}}]}, "$db"=>"ASSESSMENT_DASHBOARD", "lsid"=>{"id"=>}}
D, [2023-10-08T11:04:52.611099 #13199] DEBUG -- : [090573a5-f29a-483c-b00e-c724819b54e3] MONGODB | 10.0.21.12:27018 req:61 | ASSESSMENT_DASHBOARD.find | SUCCEEDED | 0.001s
D, [2023-10-08T11:04:52.612633 #13199] DEBUG -- : [090573a5-f29a-483c-b00e-c724819b54e3] MONGODB | 10.0.21.12:27018 req:62 conn:1:1 sconn:202 | ASSESSMENT_DASHBOARD.find | STARTED | {"find"=>"subjectmasters", "filter"=>{"$or"=>[{"module"=>{"$eq"=>"sa"}}]}, "$db"=>"ASSESSMENT_DASHBOARD", "lsid"=>{"id"=>}}
D, [2023-10-08T11:04:52.613437 #13199] DEBUG -- : [090573a5-f29a-483c-b00e-c724819b54e3] MONGODB | 10.0.21.12:27018 req:62 | ASSESSMENT_DASHBOARD.find | SUCCEEDED | 0.001s
D, [2023-10-08T11:04:52.614880 #13199] DEBUG -- : [090573a5-f29a-483c-b00e-c724819b54e3] MONGODB | 10.0.21.12:27018 req:63 conn:1:1 sconn:202 | ASSESSMENT_DASHBOARD.find | STARTED | {"find"=>"departmentmasters", "filter"=>{"$or"=>[{"module"=>{"$eq"=>"sa"}}]}, "$db"=>"ASSESSMENT_DASHBOARD", "lsid"=>{"id"=>}}
D, [2023-10-08T11:04:52.615947 #13199] DEBUG -- : [090573a5-f29a-483c-b00e-c724819b54e3] MONGODB | 10.0.21.12:27018 req:63 | ASSESSMENT_DASHBOARD.find | SUCCEEDED | 0.001s
I, [2023-10-08T11:04:52.617848 #13199] INFO -- : [090573a5-f29a-483c-b00e-c724819b54e3] Rendering dashboards/index.html.erb within layouts/application
D, [2023-10-08T11:04:52.619546 #13199] DEBUG -- : [090573a5-f29a-483c-b00e-c724819b54e3] Dashboard Load (0.7ms) SELECT `dashboards`.* FROM `dashboards` WHERE `dashboards`.`is_active` = TRUE ORDER BY `dashboards`.`sort_order` ASC
I, [2023-10-08T11:04:52.619923 #13199] INFO -- : [090573a5-f29a-483c-b00e-c724819b54e3] Rendered dashboards/index.html.erb within layouts/application (2.0ms)
I, [2023-10-08T11:04:52.623534 #13199] INFO -- : [090573a5-f29a-483c-b00e-c724819b54e3] Rendered layouts/_top_navigation.html.erb (1.6ms)
I, [2023-10-08T11:04:52.623681 #13199] INFO -- : [090573a5-f29a-483c-b00e-c724819b54e3] Rendered layouts/_footer.html.erb (0.0ms)
I, [2023-10-08T11:04:52.623867 #13199] INFO -- : [090573a5-f29a-483c-b00e-c724819b54e3] Completed 200 OK in 31ms (Views: 5.7ms | ActiveRecord: 0.7ms)
I, [2023-10-08T11:04:54.032360 #13199] INFO -- : [45bbc232-353a-4d6a-8991-449fecc3c423] Started GET "/dashboards/district-dashboard" for 154.28.229.192 at 2023-10-08 11:04:54 +0530
I, [2023-10-08T11:04:54.033594 #13199] INFO -- : [45bbc232-353a-4d6a-8991-449fecc3c423] Processing by DashboardsController#district_dashboard as HTML
D, [2023-10-08T11:04:54.035889 #13199] DEBUG -- : [45bbc232-353a-4d6a-8991-449fecc3c423] MONGODB | 10.0.21.12:27018 req:64 conn:1:1 sconn:202 | ASSESSMENT_DASHBOARD.find | STARTED | {"find"=>"lastsyncdatetimes", "filter"=>{}, "sort"=>{"_id"=>1}, "limit"=>1, "singleBatch"=>true, "$db"=>"ASSESSMENT_DASHBOARD", "lsid"=>{"id"=>}}
D, [2023-10-08T11:04:54.036538 #13199] DEBUG -- : [45bbc232-353a-4d6a-8991-449fecc3c423] MONGODB | 10.0.21.12:27018 req:64 | ASSESSMENT_DASHBOARD.find | SUCCEEDED | 0.000s
D, [2023-10-08T11:04:54.040909 #13199] DEBUG -- : [45bbc232-353a-4d6a-8991-449fecc3c423] MONGODB | 10.0.21.12:27018 req:65 conn:1:1 sconn:202 | ASSESSMENT_DASHBOARD.find | STARTED | {"find"=>"states", "filter"=>{"is_active"=>true}, "projection"=>{"_id"=>1, "name"=>1}, "$db"=>"ASSESSMENT_DASHBOARD", "lsid"=>{"id"=>}}
D, [2023-10-08T11:04:54.041666 #13199] DEBUG -- : [45bbc232-353a-4d6a-8991-449fecc3c423] MONGODB | 10.0.21.12:27018 req:65 | ASSESSMENT_DASHBOARD.find | SUCCEEDED | 0.001s
D, [2023-10-08T11:04:54.044135 #13199] DEBUG -- : [45bbc232-353a-4d6a-8991-449fecc3c423] MONGODB | 10.0.21.12:27018 req:66 conn:1:1 sconn:202 | ASSESSMENT_DASHBOARD.find | STARTED | {"find"=>"subjectmasters", "filter"=>{"$or"=>[{"module"=>{"$eq"=>"sa"}}]}, "$db"=>"ASSESSMENT_DASHBOARD", "lsid"=>{"id"=>}}
D, [2023-10-08T11:04:54.045191 #13199] DEBUG -- : [45bbc232-353a-4d6a-8991-449fecc3c423] MONGODB | 10.0.21.12:27018 req:66 | ASSESSMENT_DASHBOARD.find | SUCCEEDED | 0.001s
I, [2023-10-08T11:04:54.045497 #13229] INFO -- : [a4ba01bb-5cde-4b18-a7bc-ea565f1e7986] Started GET "/assets/application-359fb6a1263db7360e56e3fd19c3e616d67cf8ce3545d0df8bdd763679ec66d3.js" for 154.28.229.192 at 2023-10-08 11:04:54 +0530
D, [2023-10-08T11:04:54.048019 #13199] DEBUG -- : [45bbc232-353a-4d6a-8991-449fecc3c423] MONGODB | 10.0.21.12:27018 req:67 conn:1:1 sconn:202 | ASSESSMENT_DASHBOARD.find | STARTED | {"find"=>"departmentmasters", "filter"=>{"$or"=>[{"module"=>{"$eq"=>"sa"}}]}, "$db"=>"ASSESSMENT_DASHBOARD", "lsid"=>{"id"=>}}
D, [2023-10-08T11:04:54.050227 #13199] DEBUG -- : [45bbc232-353a-4d6a-8991-449fecc3c423] MONGODB | 10.0.21.12:27018 req:67 | ASSESSMENT_DASHBOARD.find | SUCCEEDED | 0.001s
D, [2023-10-08T11:04:54.053305 #13199] DEBUG -- : [45bbc232-353a-4d6a-8991-449fecc3c423] MONGODB | 10.0.21.12:27018 req:68 conn:1:1 sconn:202 | ASSESSMENT_DASHBOARD.find | STARTED | {"find"=>"departmentmasters", "filter"=>{"$or"=>[{"module"=>{"$eq"=>"sa"}}]}, "$db"=>"ASSESSMENT_DASHBOARD", "lsid"=>{"id"=>}}
D, [2023-10-08T11:04:54.055880 #13199] DEBUG -- : [45bbc232-353a-4d6a-8991-449fecc3c423] MONGODB | 10.0.21.12:27018 req:68 | ASSESSMENT_DASHBOARD.find | SUCCEEDED | 0.001s
D, [2023-10-08T11:04:54.059111 #13199] DEBUG -- : [45bbc232-353a-4d6a-8991-449fecc3c423] MONGODB | 10.0.21.12:27018 req:69 conn:1:1 sconn:202 | ASSESSMENT_DASHBOARD.find | STARTED | {"find"=>"subjectmasters", "filter"=>{"$or"=>[{"module"=>{"$eq"=>"sa"}}]}, "$db"=>"ASSESSMENT_DASHBOARD", "lsid"=>{"id"=>}}
D, [2023-10-08T11:04:54.060706 #13199] DEBUG -- : [45bbc232-353a-4d6a-8991-449fecc3c423] MONGODB | 10.0.21.12:27018 req:69 | ASSESSMENT_DASHBOARD.find | SUCCEEDED | 0.001s
D, [2023-10-08T11:04:54.063999 #13199] DEBUG -- : [45bbc232-353a-4d6a-8991-449fecc3c423] MONGODB | 10.0.21.12:27018 req:70 conn:1:1 sconn:202 | ASSESSMENT_DASHBOARD.find | STARTED | {"find"=>"subjectmasters", "filter"=>{"$or"=>[{"module"=>{"$eq"=>"sa"}}]}, "$db"=>"ASSESSMENT_DASHBOARD", "lsid"=>{"id"=>}}
D, [2023-10-08T11:04:54.065628 #13199] DEBUG -- : [45bbc232-353a-4d6a-8991-449fecc3c423] MONGODB | 10.0.21.12:27018 req:70 | ASSESSMENT_DASHBOARD.find | SUCCEEDED | 0.001s
D, [2023-10-08T11:04:54.068517 #13199] DEBUG -- : [45bbc232-353a-4d6a-8991-449fecc3c423] MONGODB | 10.0.21.12:27018 req:71 conn:1:1 sconn:202 | ASSESSMENT_DASHBOARD.find | STARTED | {"find"=>"subjectmasters", "filter"=>{"$or"=>[{"module"=>{"$eq"=>"sa"}}]}, "$db"=>"ASSESSMENT_DASHBOARD", "lsid"=>{"id"=>}}
D, [2023-10-08T11:04:54.070329 #13199] DEBUG -- : [45bbc232-353a-4d6a-8991-449fecc3c423] MONGODB | 10.0.21.12:27018 req:71 | ASSESSMENT_DASHBOARD.find | SUCCEEDED | 0.002s
D, [2023-10-08T11:04:54.073558 #13199] DEBUG -- : [45bbc232-353a-4d6a-8991-449fecc3c423] MONGODB | 10.0.21.12:27018 req:72 conn:1:1 sconn:202 | ASSESSMENT_DASHBOARD.find | STARTED | {"find"=>"departmentmasters", "filter"=>{"$or"=>[{"module"=>{"$eq"=>"sa"}}]}, "$db"=>"ASSESSMENT_DASHBOARD", "lsid"=>{"id"=>}}
D, [2023-10-08T11:04:54.075286 #13199] DEBUG -- : [45bbc232-353a-4d6a-8991-449fecc3c423] MONGODB | 10.0.21.12:27018 req:72 | ASSESSMENT_DASHBOARD.find | SUCCEEDED | 0.001s
D, [2023-10-08T11:04:54.078910 #13199] DEBUG -- : [45bbc232-353a-4d6a-8991-449fecc3c423] Dashboard Load (0.7ms) SELECT `dashboards`.* FROM `dashboards` WHERE `dashboards`.`slug` = 'district-dashboard' AND `dashboards`.`is_active` = TRUE ORDER BY `dashboards`.`sort_order` ASC LIMIT 1
I, [2023-10-08T11:04:54.080123 #13199] INFO -- : [45bbc232-353a-4d6a-8991-449fecc3c423] Rendering dashboards/district_dashboard.html.erb within layouts/dashboards
I, [2023-10-08T11:04:54.080211 #13199] INFO -- : [45bbc232-353a-4d6a-8991-449fecc3c423] Rendered dashboards/district_dashboard.html.erb within layouts/dashboards (0.0ms)
D, [2023-10-08T11:04:54.084721 #13199] DEBUG -- : [45bbc232-353a-4d6a-8991-449fecc3c423] Dashboard Load (0.6ms) SELECT `dashboards`.* FROM `dashboards` WHERE `dashboards`.`is_active` = TRUE ORDER BY `dashboards`.`sort_order` ASC
I, [2023-10-08T11:04:54.085717 #13199] INFO -- : [45bbc232-353a-4d6a-8991-449fecc3c423] Rendered layouts/_top_navigation.html.erb (2.9ms)
D, [2023-10-08T11:04:54.087222 #13199] DEBUG -- : [45bbc232-353a-4d6a-8991-449fecc3c423] MONGODB | 10.0.21.12:27018 req:73 conn:1:1 sconn:202 | ASSESSMENT_DASHBOARD.find | STARTED | {"find"=>"assessmentgroups", "filter"=>{}, "sort"=>{"groupName"=>1}, "$db"=>"ASSESSMENT_DASHBOARD", "lsid"=>{"id"=>}}
D, [2023-10-08T11:04:54.088189 #13199] DEBUG -- : [45bbc232-353a-4d6a-8991-449fecc3c423] MONGODB | 10.0.21.12:27018 req:73 | ASSESSMENT_DASHBOARD.find | SUCCEEDED | 0.001s
I, [2023-10-08T11:04:54.089373 #13199] INFO -- : [45bbc232-353a-4d6a-8991-449fecc3c423] Rendered layouts/_top_filter.html.erb (3.5ms)
I, [2023-10-08T11:04:54.090056 #13199] INFO -- : [45bbc232-353a-4d6a-8991-449fecc3c423] Rendered layouts/_footer.html.erb (0.0ms)
I, [2023-10-08T11:04:54.090502 #13199] INFO -- : [45bbc232-353a-4d6a-8991-449fecc3c423] Completed 200 OK in 57ms (Views: 10.0ms | ActiveRecord: 1.4ms)
I, [2023-10-08T11:04:54.109546 #13229] INFO -- : [17e22640-38e3-4b9e-b78d-4b3b9cdfc508] Started GET "/dashboards/block-dashboard" for 154.28.229.192 at 2023-10-08 11:04:54 +0530
I, [2023-10-08T11:04:54.109600 #13199] INFO -- : [83e6a327-c439-4bba-bb78-b75a76a14ced] Started GET "/reports/monthly" for 154.28.229.192 at 2023-10-08 11:04:54 +0530
I, [2023-10-08T11:04:54.110303 #13199] INFO -- : [83e6a327-c439-4bba-bb78-b75a76a14ced] Processing by ReportsController#show as HTML
I, [2023-10-08T11:04:54.110330 #13229] INFO -- : [17e22640-38e3-4b9e-b78d-4b3b9cdfc508] Processing by DashboardsController#block_dashboard as HTML
I, [2023-10-08T11:04:54.110354 #13199] INFO -- : [83e6a327-c439-4bba-bb78-b75a76a14ced] Parameters: {"id"=>"monthly"}
D, [2023-10-08T11:04:54.112307 #13229] DEBUG -- : [17e22640-38e3-4b9e-b78d-4b3b9cdfc508] MONGODB | 10.0.21.12:27018 req:18 conn:1:1 sconn:205 | ASSESSMENT_DASHBOARD.find | STARTED | {"find"=>"lastsyncdatetimes", "filter"=>{}, "sort"=>{"_id"=>1}, "limit"=>1, "singleBatch"=>true, "$db"=>"ASSESSMENT_DASHBOARD", "lsid"=>{"id"=>}}
D, [2023-10-08T11:04:54.112689 #13199] DEBUG -- : [83e6a327-c439-4bba-bb78-b75a76a14ced] MONGODB | 10.0.21.12:27018 req:74 conn:1:1 sconn:202 | ASSESSMENT_DASHBOARD.find | STARTED | {"find"=>"lastsyncdatetimes", "filter"=>{}, "sort"=>{"_id"=>1}, "limit"=>1, "singleBatch"=>true, "$db"=>"ASSESSMENT_DASHBOARD", "lsid"=>{"id"=>}}
D, [2023-10-08T11:04:54.113092 #13229] DEBUG -- : [17e22640-38e3-4b9e-b78d-4b3b9cdfc508] MONGODB | 10.0.21.12:27018 req:18 | ASSESSMENT_DASHBOARD.find | SUCCEEDED | 0.001s
D, [2023-10-08T11:04:54.113541 #13199] DEBUG -- : [83e6a327-c439-4bba-bb78-b75a76a14ced] MONGODB | 10.0.21.12:27018 req:74 | ASSESSMENT_DASHBOARD.find | SUCCEEDED | 0.001s
D, [2023-10-08T11:04:54.115418 #13229] DEBUG -- : [17e22640-38e3-4b9e-b78d-4b3b9cdfc508] MONGODB | 10.0.21.12:27018 req:19 conn:1:1 sconn:205 | ASSESSMENT_DASHBOARD.find | STARTED | {"find"=>"states", "filter"=>{"is_active"=>true}, "projection"=>{"_id"=>1, "name"=>1}, "$db"=>"ASSESSMENT_DASHBOARD", "lsid"=>{"id"=>}}
D, [2023-10-08T11:04:54.116139 #13229] DEBUG -- : [17e22640-38e3-4b9e-b78d-4b3b9cdfc508] MONGODB | 10.0.21.12:27018 req:19 | ASSESSMENT_DASHBOARD.find | SUCCEEDED | 0.000s
D, [2023-10-08T11:04:54.116980 #13199] DEBUG -- : [83e6a327-c439-4bba-bb78-b75a76a14ced] Customer Load (0.7ms) SELECT `customers`.* FROM `customers` ORDER BY `customers`.`id` ASC LIMIT 1
D, [2023-10-08T11:04:54.117544 #13229] DEBUG -- : [17e22640-38e3-4b9e-b78d-4b3b9cdfc508] MONGODB | 10.0.21.12:27018 req:20 conn:1:1 sconn:205 | ASSESSMENT_DASHBOARD.find | STARTED | {"find"=>"subjectmasters", "filter"=>{"$or"=>[{"module"=>{"$eq"=>"sa"}}]}, "$db"=>"ASSESSMENT_DASHBOARD", "lsid"=>{"id"=>}}
D, [2023-10-08T11:04:54.118374 #13229] DEBUG -- : [17e22640-38e3-4b9e-b78d-4b3b9cdfc508] MONGODB | 10.0.21.12:27018 req:20 | ASSESSMENT_DASHBOARD.find | SUCCEEDED | 0.001s
D, [2023-10-08T11:04:54.119822 #13229] DEBUG -- : [17e22640-38e3-4b9e-b78d-4b3b9cdfc508] MONGODB | 10.0.21.12:27018 req:21 conn:1:1 sconn:205 | ASSESSMENT_DASHBOARD.find | STARTED | {"find"=>"departmentmasters", "filter"=>{"$or"=>[{"module"=>{"$eq"=>"sa"}}]}, "$db"=>"ASSESSMENT_DASHBOARD", "lsid"=>{"id"=>}}
D, [2023-10-08T11:04:54.120773 #13229] DEBUG -- : [17e22640-38e3-4b9e-b78d-4b3b9cdfc508] MONGODB | 10.0.21.12:27018 req:21 | ASSESSMENT_DASHBOARD.find | SUCCEEDED | 0.001s
I, [2023-10-08T11:04:54.121057 #13199] INFO -- : [83e6a327-c439-4bba-bb78-b75a76a14ced] Completed 500 Internal Server Error in 11ms (ActiveRecord: 0.7ms)
F, [2023-10-08T11:04:54.121680 #13199] FATAL -- : [83e6a327-c439-4bba-bb78-b75a76a14ced]
F, [2023-10-08T11:04:54.121734 #13199] FATAL -- : [83e6a327-c439-4bba-bb78-b75a76a14ced] NoMethodError (undefined method `customer_id' for nil:NilClass):
F, [2023-10-08T11:04:54.121760 #13199] FATAL -- : [83e6a327-c439-4bba-bb78-b75a76a14ced]
D, [2023-10-08T11:04:54.122358 #13229] DEBUG -- : [17e22640-38e3-4b9e-b78d-4b3b9cdfc508] MONGODB | 10.0.21.12:27018 req:22 conn:1:1 sconn:205 | ASSESSMENT_DASHBOARD.find | STARTED | {"find"=>"departmentmasters", "filter"=>{"$or"=>[{"module"=>{"$eq"=>"sa"}}]}, "$db"=>"ASSESSMENT_DASHBOARD", "lsid"=>{"id"=>}}
F, [2023-10-08T11:04:54.121785 #13199] FATAL -- : [83e6a327-c439-4bba-bb78-b75a76a14ced] app/controllers/reports_controller.rb:175:in `show'
D, [2023-10-08T11:04:54.123341 #13229] DEBUG -- : [17e22640-38e3-4b9e-b78d-4b3b9cdfc508] MONGODB | 10.0.21.12:27018 req:22 | ASSESSMENT_DASHBOARD.find | SUCCEEDED | 0.001s
I, [2023-10-08T11:04:54.123878 #13199] INFO -- : [f97fcba6-2fd2-498c-a1bd-4f277e934c06] Started GET "/dashboards/state-dashboard" for 154.28.229.192 at 2023-10-08 11:04:54 +0530
D, [2023-10-08T11:04:54.124809 #13229] DEBUG -- : [17e22640-38e3-4b9e-b78d-4b3b9cdfc508] MONGODB | 10.0.21.12:27018 req:23 conn:1:1 sconn:205 | ASSESSMENT_DASHBOARD.find | STARTED | {"find"=>"subjectmasters", "filter"=>{"$or"=>[{"module"=>{"$eq"=>"sa"}}]}, "$db"=>"ASSESSMENT_DASHBOARD", "lsid"=>{"id"=>}}
I, [2023-10-08T11:04:54.125337 #13199] INFO -- : [f97fcba6-2fd2-498c-a1bd-4f277e934c06] Processing by DashboardsController#state_dashboard as HTML
D, [2023-10-08T11:04:54.125587 #13229] DEBUG -- : [17e22640-38e3-4b9e-b78d-4b3b9cdfc508] MONGODB | 10.0.21.12:27018 req:23 | ASSESSMENT_DASHBOARD.find | SUCCEEDED | 0.001s
D, [2023-10-08T11:04:54.126837 #13229] DEBUG -- : [17e22640-38e3-4b9e-b78d-4b3b9cdfc508] MONGODB | 10.0.21.12:27018 req:24 conn:1:1 sconn:205 | ASSESSMENT_DASHBOARD.find | STARTED | {"find"=>"subjectmasters", "filter"=>{"$or"=>[{"module"=>{"$eq"=>"sa"}}]}, "$db"=>"ASSESSMENT_DASHBOARD", "lsid"=>{"id"=>}}
D, [2023-10-08T11:04:54.127611 #13229] DEBUG -- : [17e22640-38e3-4b9e-b78d-4b3b9cdfc508] MONGODB | 10.0.21.12:27018 req:24 | ASSESSMENT_DASHBOARD.find | SUCCEEDED | 0.001s
D, [2023-10-08T11:04:54.127827 #13199] DEBUG -- : [f97fcba6-2fd2-498c-a1bd-4f277e934c06] MONGODB | 10.0.21.12:27018 req:75 conn:1:1 sconn:202 | ASSESSMENT_DASHBOARD.find | STARTED | {"find"=>"lastsyncdatetimes", "filter"=>{}, "sort"=>{"_id"=>1}, "limit"=>1, "singleBatch"=>true, "$db"=>"ASSESSMENT_DASHBOARD", "lsid"=>{"id"=>}}
D, [2023-10-08T11:04:54.129121 #13229] DEBUG -- : [17e22640-38e3-4b9e-b78d-4b3b9cdfc508] MONGODB | 10.0.21.12:27018 req:25 conn:1:1 sconn:205 | ASSESSMENT_DASHBOARD.find | STARTED | {"find"=>"subjectmasters", "filter"=>{"$or"=>[{"module"=>{"$eq"=>"sa"}}]}, "$db"=>"ASSESSMENT_DASHBOARD", "lsid"=>{"id"=>}}
D, [2023-10-08T11:04:54.129911 #13229] DEBUG -- : [17e22640-38e3-4b9e-b78d-4b3b9cdfc508] MONGODB | 10.0.21.12:27018 req:25 | ASSESSMENT_DASHBOARD.find | SUCCEEDED | 0.001s
D, [2023-10-08T11:04:54.130704 #13199] DEBUG -- : [f97fcba6-2fd2-498c-a1bd-4f277e934c06] MONGODB | 10.0.21.12:27018 req:75 | ASSESSMENT_DASHBOARD.find | SUCCEEDED | 0.003s
D, [2023-10-08T11:04:54.131251 #13229] DEBUG -- : [17e22640-38e3-4b9e-b78d-4b3b9cdfc508] MONGODB | 10.0.21.12:27018 req:26 conn:1:1 sconn:205 | ASSESSMENT_DASHBOARD.find | STARTED | {"find"=>"departmentmasters", "filter"=>{"$or"=>[{"module"=>{"$eq"=>"sa"}}]}, "$db"=>"ASSESSMENT_DASHBOARD", "lsid"=>{"id"=>}}
D, [2023-10-08T11:04:54.134214 #13199] DEBUG -- : [f97fcba6-2fd2-498c-a1bd-4f277e934c06] MONGODB | 10.0.21.12:27018 req:76 conn:1:1 sconn:202 | ASSESSMENT_DASHBOARD.find | STARTED | {"find"=>"states", "filter"=>{"is_active"=>true}, "projection"=>{"_id"=>1, "name"=>1}, "$db"=>"ASSESSMENT_DASHBOARD", "lsid"=>{"id"=>}}
D, [2023-10-08T11:04:54.134791 #13199] DEBUG -- : [f97fcba6-2fd2-498c-a1bd-4f277e934c06] MONGODB | 10.0.21.12:27018 req:76 | ASSESSMENT_DASHBOARD.find | SUCCEEDED | 0.000s
D, [2023-10-08T11:04:54.138488 #13199] DEBUG -- : [f97fcba6-2fd2-498c-a1bd-4f277e934c06] MONGODB | 10.0.21.12:27018 req:77 conn:1:1 sconn:202 | ASSESSMENT_DASHBOARD.find | STARTED | {"find"=>"subjectmasters", "filter"=>{"$or"=>[{"module"=>{"$eq"=>"sa"}}]}, "$db"=>"ASSESSMENT_DASHBOARD", "lsid"=>{"id"=>}}
D, [2023-10-08T11:04:54.139243 #13199] DEBUG -- : [f97fcba6-2fd2-498c-a1bd-4f277e934c06] MONGODB | 10.0.21.12:27018 req:77 | ASSESSMENT_DASHBOARD.find | SUCCEEDED | 0.001s
D, [2023-10-08T11:04:54.141852 #13199] DEBUG -- : [f97fcba6-2fd2-498c-a1bd-4f277e934c06] MONGODB | 10.0.21.12:27018 req:78 conn:1:1 sconn:202 | ASSESSMENT_DASHBOARD.find | STARTED | {"find"=>"departmentmasters", "filter"=>{"$or"=>[{"module"=>{"$eq"=>"sa"}}]}, "$db"=>"ASSESSMENT_DASHBOARD", "lsid"=>{"id"=>}}
D, [2023-10-08T11:04:54.144383 #13199] DEBUG -- : [f97fcba6-2fd2-498c-a1bd-4f277e934c06] MONGODB | 10.0.21.12:27018 req:78 | ASSESSMENT_DASHBOARD.find | SUCCEEDED | 0.002s
D, [2023-10-08T11:04:54.147722 #13199] DEBUG -- : [f97fcba6-2fd2-498c-a1bd-4f277e934c06] MONGODB | 10.0.21.12:27018 req:79 conn:1:1 sconn:202 | ASSESSMENT_DASHBOARD.find | STARTED | {"find"=>"departmentmasters", "filter"=>{"$or"=>[{"module"=>{"$eq"=>"sa"}}]}, "$db"=>"ASSESSMENT_DASHBOARD", "lsid"=>{"id"=>}}
D, [2023-10-08T11:04:54.149809 #13199] DEBUG -- : [f97fcba6-2fd2-498c-a1bd-4f277e934c06] MONGODB | 10.0.21.12:27018 req:79 | ASSESSMENT_DASHBOARD.find | SUCCEEDED | 0.002s
D, [2023-10-08T11:04:54.150541 #13229] DEBUG -- : [17e22640-38e3-4b9e-b78d-4b3b9cdfc508] MONGODB | 10.0.21.12:27018 req:26 | ASSESSMENT_DASHBOARD.find | SUCCEEDED | 0.019s
D, [2023-10-08T11:04:54.152377 #13199] DEBUG -- : [f97fcba6-2fd2-498c-a1bd-4f277e934c06] MONGODB | 10.0.21.12:27018 req:80 conn:1:1 sconn:202 | ASSESSMENT_DASHBOARD.find | STARTED | {"find"=>"subjectmasters", "filter"=>{"$or"=>[{"module"=>{"$eq"=>"sa"}}]}, "$db"=>"ASSESSMENT_DASHBOARD", "lsid"=>{"id"=>}}
D, [2023-10-08T11:04:54.153116 #13199] DEBUG -- : [f97fcba6-2fd2-498c-a1bd-4f277e934c06] MONGODB | 10.0.21.12:27018 req:80 | ASSESSMENT_DASHBOARD.find | SUCCEEDED | 0.001s
D, [2023-10-08T11:04:54.155525 #13199] DEBUG -- : [f97fcba6-2fd2-498c-a1bd-4f277e934c06] MONGODB | 10.0.21.12:27018 req:81 conn:1:1 sconn:202 | ASSESSMENT_DASHBOARD.find | STARTED | {"find"=>"subjectmasters", "filter"=>{"$or"=>[{"module"=>{"$eq"=>"sa"}}]}, "$db"=>"ASSESSMENT_DASHBOARD", "lsid"=>{"id"=>}}
D, [2023-10-08T11:04:54.156243 #13199] DEBUG -- : [f97fcba6-2fd2-498c-a1bd-4f277e934c06] MONGODB | 10.0.21.12:27018 req:81 | ASSESSMENT_DASHBOARD.find | SUCCEEDED | 0.001s
D, [2023-10-08T11:04:54.157900 #13199] DEBUG -- : [f97fcba6-2fd2-498c-a1bd-4f277e934c06] MONGODB | 10.0.21.12:27018 req:82 conn:1:1 sconn:202 | ASSESSMENT_DASHBOARD.find | STARTED | {"find"=>"subjectmasters", "filter"=>{"$or"=>[{"module"=>{"$eq"=>"sa"}}]}, "$db"=>"ASSESSMENT_DASHBOARD", "lsid"=>{"id"=>}}
D, [2023-10-08T11:04:54.159145 #13199] DEBUG -- : [f97fcba6-2fd2-498c-a1bd-4f277e934c06] MONGODB | 10.0.21.12:27018 req:82 | ASSESSMENT_DASHBOARD.find | SUCCEEDED | 0.001s
D, [2023-10-08T11:04:54.160763 #13199] DEBUG -- : [f97fcba6-2fd2-498c-a1bd-4f277e934c06] MONGODB | 10.0.21.12:27018 req:83 conn:1:1 sconn:202 | ASSESSMENT_DASHBOARD.find | STARTED | {"find"=>"departmentmasters", "filter"=>{"$or"=>[{"module"=>{"$eq"=>"sa"}}]}, "$db"=>"ASSESSMENT_DASHBOARD", "lsid"=>{"id"=>}}
D, [2023-10-08T11:04:54.162479 #13199] DEBUG -- : [f97fcba6-2fd2-498c-a1bd-4f277e934c06] MONGODB | 10.0.21.12:27018 req:83 | ASSESSMENT_DASHBOARD.find | SUCCEEDED | 0.001s
D, [2023-10-08T11:04:54.163400 #13229] DEBUG -- : [17e22640-38e3-4b9e-b78d-4b3b9cdfc508] Dashboard Load (0.8ms) SELECT `dashboards`.* FROM `dashboards` WHERE `dashboards`.`slug` = 'block-dashboard' AND `dashboards`.`is_active` = TRUE ORDER BY `dashboards`.`sort_order` ASC LIMIT 1
I, [2023-10-08T11:04:54.166365 #13229] INFO -- : [17e22640-38e3-4b9e-b78d-4b3b9cdfc508] Rendering dashboards/block_dashboard.html.erb within layouts/dashboards
I, [2023-10-08T11:04:54.166927 #13229] INFO -- : [17e22640-38e3-4b9e-b78d-4b3b9cdfc508] Rendered dashboards/block_dashboard.html.erb within layouts/dashboards (0.5ms)
D, [2023-10-08T11:04:54.172041 #13229] DEBUG -- : [17e22640-38e3-4b9e-b78d-4b3b9cdfc508] Dashboard Load (0.7ms) SELECT `dashboards`.* FROM `dashboards` WHERE `dashboards`.`is_active` = TRUE ORDER BY `dashboards`.`sort_order` ASC
I, [2023-10-08T11:04:54.172666 #13229] INFO -- : [17e22640-38e3-4b9e-b78d-4b3b9cdfc508] Rendered layouts/_top_navigation.html.erb (2.2ms)
D, [2023-10-08T11:04:54.176767 #13229] DEBUG -- : [17e22640-38e3-4b9e-b78d-4b3b9cdfc508] MONGODB | 10.0.21.12:27018 req:27 conn:1:1 sconn:205 | ASSESSMENT_DASHBOARD.find | STARTED | {"find"=>"assessmentgroups", "filter"=>{}, "sort"=>{"groupName"=>1}, "$db"=>"ASSESSMENT_DASHBOARD", "lsid"=>{"id"=>}}
D, [2023-10-08T11:04:54.177628 #13229] DEBUG -- : [17e22640-38e3-4b9e-b78d-4b3b9cdfc508] MONGODB | 10.0.21.12:27018 req:27 | ASSESSMENT_DASHBOARD.find | SUCCEEDED | 0.001s
D, [2023-10-08T11:04:54.178129 #13199] DEBUG -- : [f97fcba6-2fd2-498c-a1bd-4f277e934c06] Dashboard Load (6.7ms) SELECT `dashboards`.* FROM `dashboards` WHERE `dashboards`.`slug` = 'state-dashboard' AND `dashboards`.`is_active` = TRUE ORDER BY `dashboards`.`sort_order` ASC LIMIT 1
I, [2023-10-08T11:04:54.179668 #13199] INFO -- : [f97fcba6-2fd2-498c-a1bd-4f277e934c06] Rendering dashboards/state_dashboard.html.erb within layouts/dashboards
I, [2023-10-08T11:04:54.180648 #13199] INFO -- : [f97fcba6-2fd2-498c-a1bd-4f277e934c06] Rendered dashboards/state_dashboard.html.erb within layouts/dashboards (0.9ms)
I, [2023-10-08T11:04:54.181190 #13229] INFO -- : [17e22640-38e3-4b9e-b78d-4b3b9cdfc508] Rendered layouts/_top_filter.html.erb (7.9ms)
I, [2023-10-08T11:04:54.181397 #13229] INFO -- : [17e22640-38e3-4b9e-b78d-4b3b9cdfc508] Rendered layouts/_footer.html.erb (0.0ms)
I, [2023-10-08T11:04:54.182078 #13229] INFO -- : [17e22640-38e3-4b9e-b78d-4b3b9cdfc508] Completed 200 OK in 72ms (Views: 15.9ms | ActiveRecord: 1.5ms)
I, [2023-10-08T11:04:54.183692 #13229] INFO -- : [dc95b403-3ea5-4e57-8359-771ddbf7f815] Started GET "/dashboards/school-dashboard" for 154.28.229.192 at 2023-10-08 11:04:54 +0530
I, [2023-10-08T11:04:54.184381 #13229] INFO -- : [dc95b403-3ea5-4e57-8359-771ddbf7f815] Processing by DashboardsController#school_dashboard as HTML
D, [2023-10-08T11:04:54.185948 #13229] DEBUG -- : [dc95b403-3ea5-4e57-8359-771ddbf7f815] MONGODB | 10.0.21.12:27018 req:28 conn:1:1 sconn:205 | ASSESSMENT_DASHBOARD.find | STARTED | {"find"=>"lastsyncdatetimes", "filter"=>{}, "sort"=>{"_id"=>1}, "limit"=>1, "singleBatch"=>true, "$db"=>"ASSESSMENT_DASHBOARD", "lsid"=>{"id"=>}}
D, [2023-10-08T11:04:54.186704 #13229] DEBUG -- : [dc95b403-3ea5-4e57-8359-771ddbf7f815] MONGODB | 10.0.21.12:27018 req:28 | ASSESSMENT_DASHBOARD.find | SUCCEEDED | 0.001s
D, [2023-10-08T11:04:54.188541 #13229] DEBUG -- : [dc95b403-3ea5-4e57-8359-771ddbf7f815] MONGODB | 10.0.21.12:27018 req:29 conn:1:1 sconn:205 | ASSESSMENT_DASHBOARD.find | STARTED | {"find"=>"states", "filter"=>{"is_active"=>true}, "projection"=>{"_id"=>1, "name"=>1}, "$db"=>"ASSESSMENT_DASHBOARD", "lsid"=>{"id"=>}}
D, [2023-10-08T11:04:54.189179 #13229] DEBUG -- : [dc95b403-3ea5-4e57-8359-771ddbf7f815] MONGODB | 10.0.21.12:27018 req:29 | ASSESSMENT_DASHBOARD.find | SUCCEEDED | 0.000s
D, [2023-10-08T11:04:54.190610 #13229] DEBUG -- : [dc95b403-3ea5-4e57-8359-771ddbf7f815] MONGODB | 10.0.21.12:27018 req:30 conn:1:1 sconn:205 | ASSESSMENT_DASHBOARD.find | STARTED | {"find"=>"subjectmasters", "filter"=>{"$or"=>[{"module"=>{"$eq"=>"sa"}}]}, "$db"=>"ASSESSMENT_DASHBOARD", "lsid"=>{"id"=>}}
D, [2023-10-08T11:04:54.191111 #13199] DEBUG -- : [f97fcba6-2fd2-498c-a1bd-4f277e934c06] Dashboard Load (6.5ms) SELECT `dashboards`.* FROM `dashboards` WHERE `dashboards`.`is_active` = TRUE ORDER BY `dashboards`.`sort_order` ASC
D, [2023-10-08T11:04:54.191456 #13229] DEBUG -- : [dc95b403-3ea5-4e57-8359-771ddbf7f815] MONGODB | 10.0.21.12:27018 req:30 | ASSESSMENT_DASHBOARD.find | SUCCEEDED | 0.001s
I, [2023-10-08T11:04:54.192889 #13199] INFO -- : [f97fcba6-2fd2-498c-a1bd-4f277e934c06] Rendered layouts/_top_navigation.html.erb (10.2ms)
